{"id":6057,"date":"2023-03-03T16:11:02","date_gmt":"2023-03-03T22:11:02","guid":{"rendered":"https:\/\/myvitaminss.com\/?post_type=product&#038;p=6057"},"modified":"2023-03-03T16:12:46","modified_gmt":"2023-03-03T22:12:46","slug":"dolo-track-80-capsulas-2","status":"publish","type":"product","link":"https:\/\/myvitaminss.com\/index.php\/producto\/dolo-track-80-capsulas-2\/","title":{"rendered":"Dolo-Track 80 c\u00e1psulas"},"content":{"rendered":"<h4 style=\"text-align: center;\"><span style=\"color: #3366ff;\"><strong><em>20 Sobres de 4 C\u00e1psulas<\/em><\/strong><\/span><\/h4>\n<h4 style=\"text-align: center;\"><span style=\"color: #3366ff;\"><strong><em>CONTRAINDICACIONES:<\/em><\/strong><\/span><br \/>\n<strong>Esta contraindicado en presencia de \u00falcera g\u00e1strica o intestinal, hipersensibilidad conocida a la sustancia activa.<\/strong><\/h4>\n<h4 style=\"text-align: center;\"><strong><em>VENTA LIBRE<\/em><\/strong><\/h4>\n<h4 style=\"text-align: center;\"><span style=\"color: #3366ff;\"><strong><em>DOSIS<\/em><\/strong><\/span><br \/>\n<span style=\"color: #3366ff;\"><strong><em>J\u00f3venes y Adultos:<\/em><\/strong><\/span><br \/>\n<strong>1 C\u00e1psula cada 6 \u2013 8 horas, durante las comidas.<\/strong><\/h4>\n","protected":false},"excerpt":{"rendered":"<h4 style=\"text-align: center;\"><span style=\"color: #3366ff;\"><strong><em>Tort\u00edcolis \u2013 Lumbago \u2013 Artritis \u2013 Reumatitis<\/em><\/strong><\/span><\/h4>\n<h4 style=\"text-align: center;\"><strong><span style=\"color: #3366ff;\"><em>Antiinflamatorio-Antirreum\u00e1tico-Analg\u00e9sico<\/em><\/span><\/strong><\/h4>\n<h4 style=\"text-align: center;\"><strong><em><span style=\"color: #3366ff;\">DOLOTRACK:<\/span> <\/em>Es un antiinflamatorio que posee actividades analg\u00e9sicas y antipir\u00e9ticas. <\/strong><\/h4>\n<h4 style=\"text-align: center;\"><strong>Est\u00e1 indicado para el tratamiento de enfermedades reum\u00e1ticas agudas, artritis reumatoidea, espondilitis anquilosante, artrosis, lumbagia, gota en fase aguda, inflamaci\u00f3n post-traum\u00e1tica y post-operatoria, c\u00f3lico renal y biliar, migra\u00f1a aguda y como profilaxis para dolor post-operatorio y dismenorrea (dolor de vientre).<\/strong><br \/>\n<strong>Indicado tambi\u00e9n para el tratamiento de las neuritis y neuralgias.<\/strong><\/h4>\n","protected":false},"featured_media":6058,"comment_status":"open","ping_status":"closed","template":"","meta":{"_kad_post_transparent":"","_kad_post_title":"","_kad_post_layout":"","_kad_post_sidebar_id":"","_kad_post_content_style":"","_kad_post_vertical_padding":"","_kad_post_feature":"","_kad_post_feature_position":"","_kad_post_header":false,"_kad_post_footer":false,"_kad_post_classname":""},"product_brand":[],"product_cat":[208],"product_tag":[1576,1577,463,289,467,382],"class_list":{"0":"post-6057","1":"product","2":"type-product","3":"status-publish","4":"has-post-thumbnail","6":"product_cat-capsulas","7":"product_tag-antiflamatorio","8":"product_tag-artritis","9":"product_tag-lumbago","10":"product_tag-neuralgias","11":"product_tag-neuritis","12":"product_tag-reumatitis","14":"first","15":"instock","16":"shipping-taxable","17":"purchasable","18":"product-type-simple","19":"entry","20":"content-bg","21":"loop-entry"},"_links":{"self":[{"href":"https:\/\/myvitaminss.com\/index.php\/wp-json\/wp\/v2\/product\/6057","targetHints":{"allow":["GET"]}}],"collection":[{"href":"https:\/\/myvitaminss.com\/index.php\/wp-json\/wp\/v2\/product"}],"about":[{"href":"https:\/\/myvitaminss.com\/index.php\/wp-json\/wp\/v2\/types\/product"}],"replies":[{"embeddable":true,"href":"https:\/\/myvitaminss.com\/index.php\/wp-json\/wp\/v2\/comments?post=6057"}],"wp:featuredmedia":[{"embeddable":true,"href":"https:\/\/myvitaminss.com\/index.php\/wp-json\/wp\/v2\/media\/6058"}],"wp:attachment":[{"href":"https:\/\/myvitaminss.com\/index.php\/wp-json\/wp\/v2\/media?parent=6057"}],"wp:term":[{"taxonomy":"product_brand","embeddable":true,"href":"https:\/\/myvitaminss.com\/index.php\/wp-json\/wp\/v2\/product_brand?post=6057"},{"taxonomy":"product_cat","embeddable":true,"href":"https:\/\/myvitaminss.com\/index.php\/wp-json\/wp\/v2\/product_cat?post=6057"},{"taxonomy":"product_tag","embeddable":true,"href":"https:\/\/myvitaminss.com\/index.php\/wp-json\/wp\/v2\/product_tag?post=6057"}],"curies":[{"name":"wp","href":"https:\/\/api.w.org\/{rel}","templated":true}]}}