{"id":6032,"date":"2023-01-10T16:26:21","date_gmt":"2023-01-10T22:26:21","guid":{"rendered":"https:\/\/myvitaminss.com\/?post_type=product&#038;p=6032"},"modified":"2024-01-15T12:36:52","modified_gmt":"2024-01-15T18:36:52","slug":"rinokem-plus-antigripal","status":"publish","type":"product","link":"https:\/\/myvitaminss.com\/index.php\/producto\/rinokem-plus-antigripal\/","title":{"rendered":"Rinokem Plus Antigripal"},"content":{"rendered":"<h4 style=\"text-align: center;\"><strong><span style=\"color: #116ca8;\">Estos principios activos tienen las siguientes acciones:<\/span><\/strong><\/h4>\n<h4 style=\"text-align: center;\"><strong><span style=\"color: #116ca8;\">Paracetamol:<\/span> <\/strong>es un analg\u00e9sico y antipir\u00e9tico que alivia el dolor y la fiebre.<br \/>\n<span style=\"color: #116ca8;\">Dextrometorfan:<\/span> es un antitusivo que inhibe la tos.<br \/>\n<span style=\"color: #116ca8;\">Fenilefrina:<\/span> es un descongestivo nasal que reduce la congesti\u00f3n nasal.<br \/>\n<span style=\"color: #116ca8;\">Cetirizina:<\/span> es un antihistam\u00ednico que alivia el prurito y los estornudos.<\/h4>\n<h4 style=\"text-align: center;\">Es importante seguir las instrucciones del prospecto para tomar <strong><span style=\"color: #116ca8;\">Rinokem Plus<\/span><\/strong> de forma segura.<\/h4>\n<h4 style=\"text-align: center;\">Este medicamento no debe ser tomado por personas con alergia a alguno de sus componentes, glaucoma, cardiopat\u00edas, hipertensi\u00f3n arterial, diabetes, asma, durante el embarazo y la lactancia.<\/h4>\n<h4 style=\"text-align: center;\"><strong><span style=\"color: #116ca8;\">Dosis recomendadas de Rinokem Plus:<\/span><\/strong><\/h4>\n<h4 style=\"text-align: center;\"><strong><span style=\"color: #116ca8;\">Adultos y ni\u00f1os mayores de 12 a\u00f1os:<\/span><\/strong> 1 c\u00e1psula cada 4-6 horas, seg\u00fan necesidad.<br \/>\nNo exceda de 6 c\u00e1psulas en 24 horas.<\/h4>\n<h4 style=\"text-align: center;\"><span style=\"color: #116ca8;\"><strong>Ni\u00f1os de 6 a 12 a\u00f1os:<\/strong><\/span> 1\/2 c\u00e1psula cada 4-6 horas, seg\u00fan necesidad.<br \/>\nNo exceda de 3 c\u00e1psulas en 24 horas.<\/h4>\n<h4 style=\"text-align: center;\">Si los s\u00edntomas empeoran o persisten durante m\u00e1s de 7 d\u00edas, consulte a un m\u00e9dico.<\/h4>\n","protected":false},"excerpt":{"rendered":"<h4 style=\"text-align: center;\"><span style=\"color: #000000;\"><strong><span style=\"color: #4962bf;\">Rinokem Plus<\/span><\/strong> es un medicamento que ayuda a aliviar los s\u00edntomas de la gripe y el resfriado, como: <\/span><br \/>\n<span style=\"color: #000000;\">&#8211; Dolor de cabeza<\/span><br \/>\n<span style=\"color: #000000;\">&#8211; Dolores musculares<\/span><br \/>\n<span style=\"color: #000000;\">&#8211; Congesti\u00f3n nasal<\/span><br \/>\n<span style=\"color: #000000;\">&#8211; Tos<\/span><br \/>\n<span style=\"color: #000000;\">&#8211; Estornudos<\/span><\/h4>\n<h4 style=\"text-align: center;\"><span style=\"color: #000000;\"><span style=\"color: #4962bf;\">Rinokem Plus<\/span> es un medicamento compuesto por cuatro principios activos:<\/span><span style=\"color: #000000;\">paracetamol, dextrometorfan, fenilefrina y cetirizina.<\/span><\/h4>\n","protected":false},"featured_media":6120,"comment_status":"open","ping_status":"closed","template":"","meta":[],"product_cat":[208],"product_tag":[1413,567,653,742,570,201,462,709,288,1564,399,713],"class_list":{"0":"post-6032","1":"product","2":"type-product","3":"status-publish","4":"has-post-thumbnail","6":"product_cat-capsulas","7":"product_tag-analgesico","8":"product_tag-antigripal","9":"product_tag-antitusivo","10":"product_tag-congestion-nasal","11":"product_tag-descongestionante","12":"product_tag-dolor-de-cabeza","13":"product_tag-dolores-musculares","14":"product_tag-estornudos","15":"product_tag-fiebre","16":"product_tag-gripe","17":"product_tag-medikem","18":"product_tag-tos","20":"first","21":"instock","22":"sale","23":"shipping-taxable","24":"purchasable","25":"product-type-simple","26":"col-xs-6 col-sm-4","27":"col-md-3 col-lg-3","28":"un-4-cols"},"_links":{"self":[{"href":"https:\/\/myvitaminss.com\/index.php\/wp-json\/wp\/v2\/product\/6032","targetHints":{"allow":["GET"]}}],"collection":[{"href":"https:\/\/myvitaminss.com\/index.php\/wp-json\/wp\/v2\/product"}],"about":[{"href":"https:\/\/myvitaminss.com\/index.php\/wp-json\/wp\/v2\/types\/product"}],"replies":[{"embeddable":true,"href":"https:\/\/myvitaminss.com\/index.php\/wp-json\/wp\/v2\/comments?post=6032"}],"wp:featuredmedia":[{"embeddable":true,"href":"https:\/\/myvitaminss.com\/index.php\/wp-json\/wp\/v2\/media\/6120"}],"wp:attachment":[{"href":"https:\/\/myvitaminss.com\/index.php\/wp-json\/wp\/v2\/media?parent=6032"}],"wp:term":[{"taxonomy":"product_cat","embeddable":true,"href":"https:\/\/myvitaminss.com\/index.php\/wp-json\/wp\/v2\/product_cat?post=6032"},{"taxonomy":"product_tag","embeddable":true,"href":"https:\/\/myvitaminss.com\/index.php\/wp-json\/wp\/v2\/product_tag?post=6032"}],"curies":[{"name":"wp","href":"https:\/\/api.w.org\/{rel}","templated":true}]}}