{"id":5220,"date":"2021-04-20T21:24:46","date_gmt":"2021-04-21T03:24:46","guid":{"rendered":"https:\/\/myvitaminss.com\/?post_type=product&#038;p=5220"},"modified":"2023-10-30T14:31:29","modified_gmt":"2023-10-30T20:31:29","slug":"nervitran-tranquilizante-natural-tabletas","status":"publish","type":"product","link":"https:\/\/myvitaminss.com\/index.php\/producto\/nervitran-tranquilizante-natural-tabletas\/","title":{"rendered":"Nervitran Tranquilizante Natural Tabletas"},"content":{"rendered":"<h4 style=\"text-align: center;\"><span style=\"color: #127831;\">Nervitran tabletas<\/span> se toma por v\u00eda oral. La dosis recomendada es de una tableta al d\u00eda, antes de acostarse.<\/h4>\n<h4 style=\"text-align: center;\"><span style=\"color: #054227;\">Es importante consultar con un m\u00e9dico.<\/span><\/h4>\n<h4 style=\"text-align: center;\">No se recomienda el uso de <span style=\"color: #127831;\">Nervitran tabletas<\/span> en ni\u00f1os menores de 12 a\u00f1os, mujeres embarazadas o en periodo de lactancia, o personas con ciertos trastornos m\u00e9dicos, como insuficiencia renal o hep\u00e1tica.<\/h4>\n<h4 style=\"text-align: center;\"><span style=\"color: #127831;\">Ingredientes activos de Nervitran tabletas:<\/span><br \/>\n<span style=\"color: #127831;\">Pasiflora:<\/span> Es una planta medicinal que se ha utilizado durante siglos para tratar la ansiedad y el insomnio. Se cree que sus propiedades sedantes y tranquilizantes son causadas por los flavonoides que contiene.<\/h4>\n<h4 style=\"text-align: center;\"><span style=\"color: #127831;\">Valeriana:<\/span> Es otra planta medicinal que se ha utilizado durante siglos para tratar la ansiedad y el insomnio. Se cree que sus propiedades antiespasm\u00f3dicas y relajantes son causadas por los valepotriatos que contiene.<\/h4>\n<h4 style=\"text-align: center;\"><span style=\"color: #127831;\">Melissa:<\/span> Es una planta medicinal que se ha utilizado durante siglos para tratar la ansiedad y el insomnio. Se cree que sus propiedades sedantes y antiespasm\u00f3dicas son causadas por los flavonoides y los \u00e1cidos fen\u00f3licos que contiene.<\/h4>\n<h4 style=\"text-align: center;\"><span style=\"color: #127831;\">Vitaminas del complejo B:<\/span> Son esenciales para el funcionamiento normal del sistema nervioso. Ayudan a mejorar la funci\u00f3n nerviosa, la comunicaci\u00f3n entre las neuronas y la producci\u00f3n de neurotransmisores.<\/h4>\n<h4 style=\"text-align: center;\"><\/h4>\n","protected":false},"excerpt":{"rendered":"<h4 style=\"text-align: center;\"><strong><span style=\"color: #07b35a;\">Nervitran tabletas<\/span><\/strong> se utiliza para tratar los trastornos del sistema nervioso, como:<\/h4>\n<h4 style=\"text-align: center;\">\u2022 Estr\u00e9s<br \/>\n\u2022 Ansiedad<br \/>\n\u2022 Irritabilidad<br \/>\n\u2022 Insomnio<\/h4>\n<h4 style=\"text-align: center;\">El medicamento contiene los siguientes ingredientes activos:<\/h4>\n<h4 style=\"text-align: center;\"><strong><span style=\"color: #07b35a;\">\u2022 Pasiflora:<\/span><\/strong> tiene propiedades sedantes y tranquilizantes.<br \/>\n<span style=\"color: #07b35a;\"><strong>\u2022 Valeriana:<\/strong><\/span> tiene propiedades antiespasm\u00f3dicas y relajantes.<br \/>\n<span style=\"color: #07b35a;\"><strong>\u2022 Melissa:<\/strong><\/span> tiene propiedades sedantes y antiespasm\u00f3dicas.<br \/>\n<span style=\"color: #07b35a;\"><strong>\u2022 Vitaminas del complejo B:<\/strong><\/span> ayudan a mejorar la funci\u00f3n nerviosa.<\/h4>\n<p style=\"text-align: center;\"><span style=\"color: #035425;\">*NO CREA H\u00c1BITO &#8211; 48 TABLETAS*<\/span><\/p>\n","protected":false},"featured_media":6126,"comment_status":"closed","ping_status":"closed","template":"","meta":[],"product_cat":[134,869,282],"product_tag":[140,1537,304,1538,1539,1540,1541,1542,1543,1544,1545,305,307],"class_list":{"0":"post-5220","1":"product","2":"type-product","3":"status-publish","4":"has-post-thumbnail","6":"product_cat-control-de-estres","7":"product_cat-laboratorios-suizos","8":"product_cat-tabletas","9":"product_tag-complejo-b","10":"product_tag-lupulo","11":"product_tag-melissa","12":"product_tag-nervitran-contraindicaciones","13":"product_tag-nervitran-da-sueno","14":"product_tag-nervitran-en-cuanto-tiempo-hace-efecto","15":"product_tag-nervitran-gotas-para-que-sirve","16":"product_tag-nervitran-inyectable","17":"product_tag-nervitran-para-dormir","18":"product_tag-nervitran-pastillas-dosis","19":"product_tag-nervitran-tabletas-dosis","20":"product_tag-pasiflora","21":"product_tag-valeriana","23":"first","24":"instock","25":"shipping-taxable","26":"purchasable","27":"product-type-simple","28":"col-xs-6 col-sm-4","29":"col-md-3 col-lg-3","30":"un-4-cols"},"_links":{"self":[{"href":"https:\/\/myvitaminss.com\/index.php\/wp-json\/wp\/v2\/product\/5220","targetHints":{"allow":["GET"]}}],"collection":[{"href":"https:\/\/myvitaminss.com\/index.php\/wp-json\/wp\/v2\/product"}],"about":[{"href":"https:\/\/myvitaminss.com\/index.php\/wp-json\/wp\/v2\/types\/product"}],"replies":[{"embeddable":true,"href":"https:\/\/myvitaminss.com\/index.php\/wp-json\/wp\/v2\/comments?post=5220"}],"wp:featuredmedia":[{"embeddable":true,"href":"https:\/\/myvitaminss.com\/index.php\/wp-json\/wp\/v2\/media\/6126"}],"wp:attachment":[{"href":"https:\/\/myvitaminss.com\/index.php\/wp-json\/wp\/v2\/media?parent=5220"}],"wp:term":[{"taxonomy":"product_cat","embeddable":true,"href":"https:\/\/myvitaminss.com\/index.php\/wp-json\/wp\/v2\/product_cat?post=5220"},{"taxonomy":"product_tag","embeddable":true,"href":"https:\/\/myvitaminss.com\/index.php\/wp-json\/wp\/v2\/product_tag?post=5220"}],"curies":[{"name":"wp","href":"https:\/\/api.w.org\/{rel}","templated":true}]}}