{"id":5219,"date":"2021-04-20T21:24:46","date_gmt":"2021-04-21T03:24:46","guid":{"rendered":"https:\/\/myvitaminss.com\/?post_type=product&#038;p=5219"},"modified":"2022-04-07T14:57:43","modified_gmt":"2022-04-07T20:57:43","slug":"colchimedio-0-5mg-tabletas","status":"publish","type":"product","link":"https:\/\/myvitaminss.com\/index.php\/producto\/colchimedio-0-5mg-tabletas\/","title":{"rendered":"Colchimedio 0.5mg tabletas \ud83e\udd70\ud83e\ude78\ud83e\uddec"},"content":{"rendered":"<h4 style=\"text-align: center;\"><span style=\"color: #3366ff;\"><strong><em>CONTRA-INDICACIONES<\/em><\/strong><\/span><\/h4>\n<h4 style=\"text-align: center;\"><span style=\"color: #000000;\">Hipersensibilidad al componente de la formula; embarazo grave y pacientes sometidos a hemodi\u00e1lisis; i. H. Grave; trastornos gastrointestinales graves; \u00falcera de est\u00f3mago; trastornos cardiacos; alteraciones hematol\u00f3gicas (discrasias sangu\u00edneas);durante los 14 d\u00edas posteriores a la utilizaci\u00f3n de inhibidores de la glicoprote\u00edna p.<\/span><\/h4>\n","protected":false},"excerpt":{"rendered":"<h4 style=\"text-align: center;\"><span style=\"color: #3366ff;\"><strong><em>Caja contiene 40 tabletas<\/em><\/strong><\/span><\/h4>\n<h4 style=\"text-align: center;\"><span style=\"color: #000000;\">Indicado para prevenir los ataques de gota (dolor repentino e intenso en una o m\u00e1s articulaciones, causado por niveles anormalmente altos de una sustancia llamada \u00e1cido \u00farico en la sangre) en adultos. <\/span><\/h4>\n<h4 style=\"text-align: center;\"><span style=\"color: #000000;\">La colchicina (colcrys) tambi\u00e9n se usa para aliviar el dolor de los ataques de gota cuando ocurren.<\/span><\/h4>\n","protected":false},"featured_media":5677,"comment_status":"closed","ping_status":"closed","template":"","meta":[],"product_cat":[1531,282],"product_tag":[1532,1533,1534,1535,1536],"class_list":{"0":"post-5219","1":"product","2":"type-product","3":"status-publish","4":"has-post-thumbnail","6":"product_cat-gota","7":"product_cat-tabletas","8":"product_tag-acido-urico-en-la-sangre","9":"product_tag-colchicina","10":"product_tag-colchimedio","11":"product_tag-dolor-repentino-e-intenso-en-una-o-mas-articulaciones","12":"product_tag-prevenir-los-ataques-de-gota","14":"first","15":"instock","16":"shipping-taxable","17":"purchasable","18":"product-type-simple","19":"col-xs-6 col-sm-4","20":"col-md-3 col-lg-3","21":"un-4-cols"},"_links":{"self":[{"href":"https:\/\/myvitaminss.com\/index.php\/wp-json\/wp\/v2\/product\/5219","targetHints":{"allow":["GET"]}}],"collection":[{"href":"https:\/\/myvitaminss.com\/index.php\/wp-json\/wp\/v2\/product"}],"about":[{"href":"https:\/\/myvitaminss.com\/index.php\/wp-json\/wp\/v2\/types\/product"}],"replies":[{"embeddable":true,"href":"https:\/\/myvitaminss.com\/index.php\/wp-json\/wp\/v2\/comments?post=5219"}],"wp:featuredmedia":[{"embeddable":true,"href":"https:\/\/myvitaminss.com\/index.php\/wp-json\/wp\/v2\/media\/5677"}],"wp:attachment":[{"href":"https:\/\/myvitaminss.com\/index.php\/wp-json\/wp\/v2\/media?parent=5219"}],"wp:term":[{"taxonomy":"product_cat","embeddable":true,"href":"https:\/\/myvitaminss.com\/index.php\/wp-json\/wp\/v2\/product_cat?post=5219"},{"taxonomy":"product_tag","embeddable":true,"href":"https:\/\/myvitaminss.com\/index.php\/wp-json\/wp\/v2\/product_tag?post=5219"}],"curies":[{"name":"wp","href":"https:\/\/api.w.org\/{rel}","templated":true}]}}