{"id":5199,"date":"2021-04-20T21:24:44","date_gmt":"2021-04-21T03:24:44","guid":{"rendered":"https:\/\/myvitaminss.com\/?post_type=product&#038;p=5199"},"modified":"2022-04-07T16:30:48","modified_gmt":"2022-04-07T22:30:48","slug":"spiolto-respimat","status":"publish","type":"product","link":"https:\/\/myvitaminss.com\/index.php\/producto\/spiolto-respimat\/","title":{"rendered":"Spiolto Respimat \u263a\ud83d\ude01"},"content":{"rendered":"<p style=\"text-align: center;\"><span style=\"color: #000000;\">Posolog\u00eda<\/span><\/p>\n<p style=\"text-align: center;\"><span style=\"color: #000000;\">Este medicamento es \u00fanicamente para uso por v\u00eda inhalatoria. <\/span><\/p>\n<p style=\"text-align: center;\"><span style=\"color: #000000;\">El cartucho s\u00f3lo puede introducirse y utilizarse con el inhalador Respimat.<\/span><\/p>\n<p style=\"text-align: center;\"><span style=\"color: #000000;\">Una dosis son dos pulsaciones del inhalador Respimat.<\/span><\/p>\n<p style=\"text-align: center;\"><span style=\"color: #3366ff;\"><em><strong>Adultos<\/strong><\/em><\/span><\/p>\n<p style=\"text-align: center;\"><span style=\"color: #000000;\">La dosis recomendada es de 5 microgramos de tiotropio y 5 microgramos de olodaterol administrados en dos pulsaciones mediante el inhalador Respimat una vez al d\u00eda y a la misma hora.<\/span><\/p>\n<p style=\"text-align: center;\"><span style=\"color: #000000;\">No debe superarse la dosis recomendada.<\/span><\/p>\n<p style=\"text-align: center;\"><em><span style=\"color: #3366ff;\"><strong>Pacientes de edad avanzada<\/strong><\/span><\/em><\/p>\n<p style=\"text-align: center;\"><span style=\"color: #000000;\">Los pacientes de edad avanzada pueden utilizar Spiolto Respimat a la dosis recomendada.<\/span><\/p>\n<p style=\"text-align: center;\"><em><span style=\"color: #3366ff;\"><strong>Insuficiencia hep\u00e1tica e insuficiencia renal<\/strong><\/span><\/em><\/p>\n<p style=\"text-align: center;\"><span style=\"color: #000000;\">Spiolto Respimat contiene tiotropio que se excreta predominantemente por v\u00eda renal y olodaterol que se metaboliza predominantemente en el h\u00edgado.<\/span><\/p>\n<p style=\"text-align: center;\"><em><span style=\"color: #3366ff;\"><strong>Insuficiencia hep\u00e1tica<\/strong><\/span><\/em><\/p>\n<p style=\"text-align: center;\"><span style=\"color: #000000;\">Los pacientes con insuficiencia hep\u00e1tica leve o moderada pueden utilizar Spiolto Respimat a la dosis recomendada.<\/span><\/p>\n<p style=\"text-align: center;\"><span style=\"color: #000000;\">No se dispone de datos sobre el uso de olodaterol en pacientes con insuficiencia hep\u00e1tica grave.<\/span><\/p>\n<p style=\"text-align: center;\"><span style=\"color: #3366ff;\"><em><strong>Insuficiencia renal<\/strong><\/em><\/span><\/p>\n<p style=\"text-align: center;\"><span style=\"color: #000000;\">Los pacientes con insuficiencia renal pueden utilizar Spiolto Respimat a la dosis recomendada.<\/span><\/p>\n<p style=\"text-align: center;\"><span style=\"color: #000000;\">Spiolto Respimat contiene olodaterol. <\/span><\/p>\n<p style=\"text-align: center;\"><span style=\"color: #000000;\">La experiencia con el uso de olodaterol en pacientes con insuficiencia renal grave es limitada.<\/span><\/p>\n<p style=\"text-align: center;\"><em><span style=\"color: #3366ff;\"><strong>Pacientes pedi\u00e1tricos<\/strong><\/span><\/em><\/p>\n<p style=\"text-align: center;\"><span style=\"color: #000000;\">No existe una recomendaci\u00f3n de uso espec\u00edfica para Spiolto Respimat en la poblaci\u00f3n pedi\u00e1trica (menores de 18 a\u00f1os).<\/span><\/p>\n<p style=\"text-align: center;\"><em><span style=\"color: #3366ff;\"><strong>Forma de administraci\u00f3n<\/strong><\/span><\/em><\/p>\n<p style=\"text-align: center;\"><span style=\"color: #000000;\">Para asegurar la correcta administraci\u00f3n del medicamento, el paciente debe ser instruido por un m\u00e9dico u otros profesionales sanitarios sobre c\u00f3mo usar el inhalador.<\/span><\/p>\n","protected":false},"excerpt":{"rendered":"<p style=\"text-align: center;\"><span style=\"color: #000000;\">Soluci\u00f3n para inhalaci\u00f3n<\/span><\/p>\n<p style=\"text-align: center;\"><span style=\"color: #000000;\">Soluci\u00f3n para inhalaci\u00f3n transparente, incolora<\/span><\/p>\n<p style=\"text-align: center;\"><span style=\"color: #3366ff;\"><strong><em>Indicaciones terap\u00e9uticas<\/em><\/strong><\/span><\/p>\n<p style=\"text-align: center;\"><span style=\"color: #000000;\"><strong><em><span style=\"color: #3366ff;\">Spiolto Respimat <\/span><\/em><\/strong>est\u00e1 indicado como tratamiento broncodilatador de mantenimiento para aliviar los s\u00edntomas en pacientes adultos con enfermedad pulmonar obstructiva cr\u00f3nica (EPOC).<\/span><\/p>\n","protected":false},"featured_media":5688,"comment_status":"closed","ping_status":"closed","template":"","meta":[],"product_cat":[],"product_tag":[1497,1498,1499,1500],"class_list":{"0":"post-5199","1":"product","2":"type-product","3":"status-publish","4":"has-post-thumbnail","6":"product_tag-pacientes-adultos-con-enfermedad-pulmonar-obstructiva-cronica","7":"product_tag-solucion-para-inhalacion","8":"product_tag-spiolto-respimat","9":"product_tag-tratamiento-broncodilatador","11":"first","12":"instock","13":"shipping-taxable","14":"purchasable","15":"product-type-simple","16":"col-xs-6 col-sm-4","17":"col-md-3 col-lg-3","18":"un-4-cols"},"_links":{"self":[{"href":"https:\/\/myvitaminss.com\/index.php\/wp-json\/wp\/v2\/product\/5199","targetHints":{"allow":["GET"]}}],"collection":[{"href":"https:\/\/myvitaminss.com\/index.php\/wp-json\/wp\/v2\/product"}],"about":[{"href":"https:\/\/myvitaminss.com\/index.php\/wp-json\/wp\/v2\/types\/product"}],"replies":[{"embeddable":true,"href":"https:\/\/myvitaminss.com\/index.php\/wp-json\/wp\/v2\/comments?post=5199"}],"wp:featuredmedia":[{"embeddable":true,"href":"https:\/\/myvitaminss.com\/index.php\/wp-json\/wp\/v2\/media\/5688"}],"wp:attachment":[{"href":"https:\/\/myvitaminss.com\/index.php\/wp-json\/wp\/v2\/media?parent=5199"}],"wp:term":[{"taxonomy":"product_cat","embeddable":true,"href":"https:\/\/myvitaminss.com\/index.php\/wp-json\/wp\/v2\/product_cat?post=5199"},{"taxonomy":"product_tag","embeddable":true,"href":"https:\/\/myvitaminss.com\/index.php\/wp-json\/wp\/v2\/product_tag?post=5199"}],"curies":[{"name":"wp","href":"https:\/\/api.w.org\/{rel}","templated":true}]}}