{"id":5117,"date":"2021-04-20T21:23:59","date_gmt":"2021-04-21T03:23:59","guid":{"rendered":"https:\/\/myvitaminss.com\/?post_type=product&#038;p=5117"},"modified":"2022-02-21T18:39:04","modified_gmt":"2022-02-22T00:39:04","slug":"panadol-gripe-dia","status":"publish","type":"product","link":"https:\/\/myvitaminss.com\/index.php\/producto\/panadol-gripe-dia\/","title":{"rendered":"Panadol Gripe Dia \ud83e\udd27\ud83e\udd74"},"content":{"rendered":"<p style=\"text-align: center;\"><span style=\"color: #3366ff;\"><em><strong>Dosis:<\/strong><\/em><\/span><\/p>\n<p style=\"text-align: center;\"><span style=\"color: #000000;\">Adultos (18 a\u00f1os en adelante): 2 tabletas cada 6 horas. <\/span><\/p>\n<p style=\"text-align: center;\"><span style=\"color: #000000;\">No exceder de 8 tabletas en 24 horas.<\/span><\/p>\n<p style=\"text-align: center;\"><span style=\"color: #000000;\">Ni\u00f1os (menores de 12 a\u00f1os): No se recomienda.<\/span><\/p>\n<p style=\"text-align: center;\"><span style=\"color: #000000;\">No administrar m\u00e1s de 4 veces al d\u00eda la dosis recomendada, ni por m\u00e1s de 7 d\u00edas consecutivos. <\/span><\/p>\n<p style=\"text-align: center;\"><span style=\"color: #000000;\">Si el dolor y fiebre persisten por m\u00e1s de 3 d\u00edas consulte a su m\u00e9dico. <\/span><\/p>\n<p style=\"text-align: center;\"><span style=\"color: #000000;\">No tomar con otros productos que contengan acetaminof\u00e9n, o con medicinas para resfr\u00edos y congesti\u00f3n nasal.<\/span><\/p>\n","protected":false},"excerpt":{"rendered":"<p style=\"text-align: center;\"><span style=\"color: #3366ff;\"><strong>Disp. Contiene 52 Tabletas<\/strong><\/span><\/p>\n<p style=\"text-align: center;\"><span style=\"color: #000000;\"><strong><span style=\"color: #3366ff;\"><em>Panadol Gripe D\u00eda<\/em><\/span>, <\/strong>proporciona un alivio efectivo de los s\u00edntomas de la gripe y el resfr\u00edo sin provocar sue\u00f1o<\/span><\/p>\n<p>&nbsp;<\/p>\n","protected":false},"featured_media":5566,"comment_status":"closed","ping_status":"closed","template":"","meta":{"_kad_post_transparent":"","_kad_post_title":"","_kad_post_layout":"","_kad_post_sidebar_id":"","_kad_post_content_style":"","_kad_post_vertical_padding":"","_kad_post_feature":"","_kad_post_feature_position":"","_kad_post_header":false,"_kad_post_footer":false,"_kad_post_classname":""},"product_brand":[],"product_cat":[364,566,282],"product_tag":[1365,570,1366,1367],"class_list":{"0":"post-5117","1":"product","2":"type-product","3":"status-publish","4":"has-post-thumbnail","6":"product_cat-alergias","7":"product_cat-gripe","8":"product_cat-tabletas","9":"product_tag-alivia-la-nariz-tapada","10":"product_tag-descongestionante","11":"product_tag-descongestionante-nasal","12":"product_tag-panadol-gripe-dia","14":"first","15":"instock","16":"shipping-taxable","17":"purchasable","18":"product-type-simple","19":"entry","20":"content-bg","21":"loop-entry"},"_links":{"self":[{"href":"https:\/\/myvitaminss.com\/index.php\/wp-json\/wp\/v2\/product\/5117","targetHints":{"allow":["GET"]}}],"collection":[{"href":"https:\/\/myvitaminss.com\/index.php\/wp-json\/wp\/v2\/product"}],"about":[{"href":"https:\/\/myvitaminss.com\/index.php\/wp-json\/wp\/v2\/types\/product"}],"replies":[{"embeddable":true,"href":"https:\/\/myvitaminss.com\/index.php\/wp-json\/wp\/v2\/comments?post=5117"}],"wp:featuredmedia":[{"embeddable":true,"href":"https:\/\/myvitaminss.com\/index.php\/wp-json\/wp\/v2\/media\/5566"}],"wp:attachment":[{"href":"https:\/\/myvitaminss.com\/index.php\/wp-json\/wp\/v2\/media?parent=5117"}],"wp:term":[{"taxonomy":"product_brand","embeddable":true,"href":"https:\/\/myvitaminss.com\/index.php\/wp-json\/wp\/v2\/product_brand?post=5117"},{"taxonomy":"product_cat","embeddable":true,"href":"https:\/\/myvitaminss.com\/index.php\/wp-json\/wp\/v2\/product_cat?post=5117"},{"taxonomy":"product_tag","embeddable":true,"href":"https:\/\/myvitaminss.com\/index.php\/wp-json\/wp\/v2\/product_tag?post=5117"}],"curies":[{"name":"wp","href":"https:\/\/api.w.org\/{rel}","templated":true}]}}