{"id":5028,"date":"2021-04-20T21:23:18","date_gmt":"2021-04-21T03:23:18","guid":{"rendered":"https:\/\/myvitaminss.com\/?post_type=product&#038;p=5028"},"modified":"2024-06-18T14:50:26","modified_gmt":"2024-06-18T20:50:26","slug":"no-mas-dolor-con-artrikon-120-capsulas","status":"publish","type":"product","link":"https:\/\/myvitaminss.com\/index.php\/producto\/no-mas-dolor-con-artrikon-120-capsulas\/","title":{"rendered":"Artrikon &#8211; Adi\u00f3s al dolor 120 C\u00e1psulas \ud83d\ude47\u200d\u2640\ufe0f\ud83d\ude47"},"content":{"rendered":"<h4 style=\"text-align: center;\"><span style=\"color: #3366ff;\"><em><strong>Dosis:<\/strong><\/em><\/span><\/h4>\n<h4 style=\"text-align: center;\"><span style=\"color: #3366ff;\"><em><strong>Por lo general se recomienda:<\/strong><\/em><\/span><\/h4>\n<h4 style=\"text-align: center;\"><span style=\"color: #000000;\">Tomar 1 c\u00e1psula cada 8 horas por 2\u00a0d\u00edas\u00a0seguidos.<\/span><br \/>\n<span style=\"color: #000000;\"> Luego 1 C\u00e1psula ma\u00f1ana y noche por 3\u00a0d\u00edas\u00a0m\u00e1s.<\/span><\/h4>\n<h4 style=\"text-align: center;\"><span style=\"color: #3366ff;\"><strong><i>V\u00eda<\/i><\/strong><\/span><em><strong><span style=\"color: #3366ff;\">\u00a0de Administraci\u00f3n:<\/span> ORAL<\/strong><\/em><\/h4>\n<h4 style=\"text-align: center;\"><em><span style=\"color: #0000ff;\">30\u00a0Sobres de 4 C\u00e1psulas<\/span><\/em><\/h4>\n<h4 style=\"text-align: center;\"><em><strong style=\"color: #3366ff;\">CONTRA INDICACIONES Y ADVERTENCIAS:<\/strong><\/em><\/h4>\n<h4 style=\"text-align: center;\">Pacientes con trastornos gastrointestinales (gastritis, \u00falcera gastroduodenal), hipersensibilidad a alg\u00fan componente de la f\u00f3rmula.<\/h4>\n","protected":false},"excerpt":{"rendered":"<h3 style=\"text-align: center;\"><span style=\"color: #3366ff;\"><em><strong>Antirreum\u00e1tico\u00a0&#8211; Analg\u00e9sico\u00a0&#8211; Antiinflamatorio\u00a0<\/strong><\/em><\/span><\/h3>\n<h4 style=\"text-align: center;\"><em><strong>\u00a0<\/strong><\/em><\/h4>\n<h4><\/h4>\n","protected":false},"featured_media":5624,"comment_status":"closed","ping_status":"closed","template":"","meta":[],"product_cat":[145,146,147,148,149,138],"product_tag":[383,384,385,386,387,388,389],"class_list":{"0":"post-5028","1":"product","2":"type-product","3":"status-publish","4":"has-post-thumbnail","6":"product_cat-artritis","7":"product_cat-capsulas-de-gelatina-blanda","8":"product_cat-laboratorios-biokemical","9":"product_cat-medicamento-para-el-dolor","10":"product_cat-salud-y-belleza","11":"product_cat-vitaminas-neurotropas","12":"product_tag-artrikon-capsulas","13":"product_tag-artrikon-para-que-sirve","14":"product_tag-artrikon-vitaminado","15":"product_tag-artrikon-vitaminado-amazon","16":"product_tag-artrikon-vitaminado-capsulas","17":"product_tag-artrikon-vitaminado-ebay","18":"product_tag-artrikon-vitaminado-original-de-el-salvador","20":"first","21":"outofstock","22":"sale","23":"shipping-taxable","24":"purchasable","25":"product-type-simple","26":"col-xs-6 col-sm-4","27":"col-md-3 col-lg-3","28":"un-4-cols"},"_links":{"self":[{"href":"https:\/\/myvitaminss.com\/index.php\/wp-json\/wp\/v2\/product\/5028","targetHints":{"allow":["GET"]}}],"collection":[{"href":"https:\/\/myvitaminss.com\/index.php\/wp-json\/wp\/v2\/product"}],"about":[{"href":"https:\/\/myvitaminss.com\/index.php\/wp-json\/wp\/v2\/types\/product"}],"replies":[{"embeddable":true,"href":"https:\/\/myvitaminss.com\/index.php\/wp-json\/wp\/v2\/comments?post=5028"}],"wp:featuredmedia":[{"embeddable":true,"href":"https:\/\/myvitaminss.com\/index.php\/wp-json\/wp\/v2\/media\/5624"}],"wp:attachment":[{"href":"https:\/\/myvitaminss.com\/index.php\/wp-json\/wp\/v2\/media?parent=5028"}],"wp:term":[{"taxonomy":"product_cat","embeddable":true,"href":"https:\/\/myvitaminss.com\/index.php\/wp-json\/wp\/v2\/product_cat?post=5028"},{"taxonomy":"product_tag","embeddable":true,"href":"https:\/\/myvitaminss.com\/index.php\/wp-json\/wp\/v2\/product_tag?post=5028"}],"curies":[{"name":"wp","href":"https:\/\/api.w.org\/{rel}","templated":true}]}}