{"id":5024,"date":"2021-04-20T21:23:17","date_gmt":"2021-04-21T03:23:17","guid":{"rendered":"https:\/\/myvitaminss.com\/?post_type=product&#038;p=5024"},"modified":"2022-03-30T14:43:51","modified_gmt":"2022-03-30T20:43:51","slug":"embarazada-vifron-prenatal-capsulas","status":"publish","type":"product","link":"https:\/\/myvitaminss.com\/index.php\/producto\/embarazada-vifron-prenatal-capsulas\/","title":{"rendered":"Embarazada? Vifr\u00f3n PRENATAL C\u00e1psulas \ud83e\udd30\ud83e\udd31"},"content":{"rendered":"<h4 style=\"text-align: center;\"><em><span style=\"color: #3366ff;\"><strong>Dosis:<\/strong><\/span><\/em><\/h4>\n<h4 style=\"text-align: center;\"><em><span style=\"color: #3366ff;\"><strong>Por lo general se recomienda:<\/strong><\/span><\/em><\/h4>\n<h4 style=\"text-align: center;\"><span style=\"color: #000000;\">Tomar 1 \u00f3 2 c\u00e1psulas\u00a0al d\u00eda despu\u00e9s de alg\u00fan alimento.<\/span><\/h4>\n<h4 style=\"text-align: center;\"><strong><em><span style=\"color: #3366ff;\">V\u00eda<\/span><span style=\"color: #3366ff;\"> de Administraci\u00f3n:\u00a0<\/span><\/em><\/strong>ORAL<\/h4>\n<h4 style=\"text-align: center;\"><\/h4>\n<h4 style=\"text-align: center;\"><span style=\"color: #ff0000;\"><strong>CONTRAINDICACIONES Y ADVERTENCIAS:<\/strong><\/span><\/h4>\n<h4 style=\"text-align: center;\">Hipersensibilidad a alg\u00fan\u00a0componente de la f\u00f3rmula.<\/h4>\n<h4 style=\"text-align: center;\">No usar en pacientes con alteraciones hep\u00e1ticas o renales graves.<\/h4>\n<p style=\"text-align: center;\">\n","protected":false},"excerpt":{"rendered":"<h4 style=\"text-align: center;\">PRECIO EN <span style=\"color: #3366ff;\">OFERTA<\/span> POR 90 C\u00c1PSULAS<\/h4>\n<h4 style=\"text-align: center;\"><em><strong><span style=\"color: #3366ff;\">SUGERENCIAS DE USO:<\/span><\/strong><\/em><\/h4>\n<h4 style=\"text-align: center;\"><em><strong><span style=\"color: #3366ff;\">VIFRON PRENATAL<\/span><\/strong><\/em><\/h4>\n<h4 style=\"text-align: center;\">Suplemento multivitam\u00ednico para proporcionar vitaminas y minerales que son necesarios durante el embarazo y lactancia en mujeres que tienen una alimentaci\u00f3n deficiente y debido a esto presentan estados carenciales de algunos componentes de la f\u00f3rmula.<\/h4>\n<h4 style=\"text-align: center;\">Diab\u00e9ticas y Vegetarianas pueden tomarlo<\/h4>\n","protected":false},"featured_media":5655,"comment_status":"closed","ping_status":"closed","template":"","meta":{"_kad_post_transparent":"","_kad_post_title":"","_kad_post_layout":"","_kad_post_sidebar_id":"","_kad_post_content_style":"","_kad_post_vertical_padding":"","_kad_post_feature":"","_kad_post_feature_position":"","_kad_post_header":false,"_kad_post_footer":false,"_kad_post_classname":""},"product_brand":[],"product_cat":[208,147,139],"product_tag":[252,692,257,693],"class_list":{"0":"post-5024","1":"product","2":"type-product","3":"status-publish","4":"has-post-thumbnail","6":"product_cat-capsulas","7":"product_cat-laboratorios-biokemical","8":"product_cat-vitaminas-y-suplementos","9":"product_tag-biokemical","10":"product_tag-vifron-prenatal","11":"product_tag-vitaminas-en-el-salvador","12":"product_tag-vitaminas-prenatales","14":"first","15":"instock","16":"shipping-taxable","17":"purchasable","18":"product-type-simple","19":"entry","20":"content-bg","21":"loop-entry"},"_links":{"self":[{"href":"https:\/\/myvitaminss.com\/index.php\/wp-json\/wp\/v2\/product\/5024","targetHints":{"allow":["GET"]}}],"collection":[{"href":"https:\/\/myvitaminss.com\/index.php\/wp-json\/wp\/v2\/product"}],"about":[{"href":"https:\/\/myvitaminss.com\/index.php\/wp-json\/wp\/v2\/types\/product"}],"replies":[{"embeddable":true,"href":"https:\/\/myvitaminss.com\/index.php\/wp-json\/wp\/v2\/comments?post=5024"}],"wp:featuredmedia":[{"embeddable":true,"href":"https:\/\/myvitaminss.com\/index.php\/wp-json\/wp\/v2\/media\/5655"}],"wp:attachment":[{"href":"https:\/\/myvitaminss.com\/index.php\/wp-json\/wp\/v2\/media?parent=5024"}],"wp:term":[{"taxonomy":"product_brand","embeddable":true,"href":"https:\/\/myvitaminss.com\/index.php\/wp-json\/wp\/v2\/product_brand?post=5024"},{"taxonomy":"product_cat","embeddable":true,"href":"https:\/\/myvitaminss.com\/index.php\/wp-json\/wp\/v2\/product_cat?post=5024"},{"taxonomy":"product_tag","embeddable":true,"href":"https:\/\/myvitaminss.com\/index.php\/wp-json\/wp\/v2\/product_tag?post=5024"}],"curies":[{"name":"wp","href":"https:\/\/api.w.org\/{rel}","templated":true}]}}