{"id":4943,"date":"2021-04-20T21:22:45","date_gmt":"2021-04-21T03:22:45","guid":{"rendered":"https:\/\/myvitaminss.com\/?post_type=product&#038;p=4943"},"modified":"2022-04-26T10:55:28","modified_gmt":"2022-04-26T16:55:28","slug":"dolo-doceplex-d-inyeccion-unidad","status":"publish","type":"product","link":"https:\/\/myvitaminss.com\/index.php\/producto\/dolo-doceplex-d-inyeccion-unidad\/","title":{"rendered":"DOLO DOCEPLEX &#8211; D INYECCION UNIDAD \ud83d\udc89\ud83e\udd7a"},"content":{"rendered":"<address style=\"text-align: center;\">\u00a0<\/address>\n<address style=\"text-align: center;\"><em><span style=\"color: #3366ff;\"><strong>PRESENTACION:<\/strong><\/span><\/em><\/address>\n<address>\u00a0<\/address>\n<address style=\"text-align: center;\">\n<address><em><span style=\"color: #3366ff;\"><strong>Caja con estuche de seguridad que contiene:<\/strong><\/span><\/em><\/address>\n<address>\u00a0<\/address>\n<address><span style=\"color: #000000;\"><strong>Soluci\u00f3n inyectable (ampolla 1 ml + 2 ml) + jeringa descartable + algod\u00f3n con alcohol.<\/strong><\/span><\/address>\n<\/address>\n<address style=\"text-align: center;\">\u00a0<\/address>\n<address style=\"text-align: center;\"><em><span style=\"color: #3366ff;\"><strong>DOSIS Y VIA DE ADMINISTRACION:<\/strong><\/span><\/em><\/address>\n<address>\u00a0<\/address>\n<address style=\"text-align: center;\"><strong><span style=\"color: #000000;\"><em><span style=\"color: #3366ff;\">Observaciones:<\/span><\/em> \u00a0Combinar el contenido de ambas ampollas antes de su uso en una sola jeringa, \u00e9sta presentar\u00e1 una coloraci\u00f3n lechosa, misma que desaparece inmediatamente agitando la jeringa. <\/span><\/strong><\/address>\n<address style=\"text-align: center;\"><strong><span style=\"color: #000000;\">Administrar DOLO-DOCEPLEX-D \u00a0una vez al d\u00eda, por 5 d\u00edas.<\/span><\/strong><\/address>\n<address style=\"text-align: center;\">\u00a0<\/address>\n<address style=\"text-align: center;\">\u00a0<\/address>\n","protected":false},"excerpt":{"rendered":"<address style=\"text-align: center;\"><span style=\"color: #3366ff;\"><em><strong>INDICACIONES:<\/strong><\/em><\/span><\/address>\n<address>\u00a0<\/address>\n<address style=\"text-align: center;\"><strong><span style=\"color: #000000;\">Inflamaci\u00f3n y dolor por alteraciones en el sistema nervioso muscular, dolores oculares, reum\u00e1ticos, musculoesquel\u00e9ticos\u00a0y postraum\u00e1ticos acompa\u00f1ados de inflamaci\u00f3n.<\/span><\/strong><\/address>\n<address style=\"text-align: center;\"><strong><span style=\"color: #000000;\">Neuritis, neuralgias, s\u00edndrome cervical, lumbago, ci\u00e1tica, par\u00e1lisis facial, herpes zoster, traumatismos diversos, lesiones dolorosas de la columna vertebral, ataque agudo de gota, luxaciones, fracturas y esguinces, dolores m\u00fasculo nerviosos\u00a0en hombros y brazos.<\/span><\/strong><\/address>\n<address style=\"text-align: center;\">\u00a0<\/address>\n","protected":false},"featured_media":5712,"comment_status":"closed","ping_status":"closed","template":"","meta":[],"product_cat":[444,145,441,135,148],"product_tag":[574,575,576,577,482,483,380,381],"class_list":{"0":"post-4943","1":"product","2":"type-product","3":"status-publish","4":"has-post-thumbnail","6":"product_cat-ampolla-intramuscular","7":"product_cat-artritis","8":"product_cat-inyectables","9":"product_cat-laboratorios-vijosa","10":"product_cat-medicamento-para-el-dolor","11":"product_tag-dolo-doceplex-d","12":"product_tag-dolo-doceplex-d-amazon","13":"product_tag-dolo-doceplex-d-ebay","14":"product_tag-dolo-doceplex-d-original","15":"product_tag-dolor-por-reuma","16":"product_tag-para-el-reumatismo","17":"product_tag-reuma","18":"product_tag-reumatismo","20":"first","21":"instock","22":"purchasable","23":"product-type-simple","24":"col-xs-6 col-sm-4","25":"col-md-3 col-lg-3","26":"un-4-cols"},"_links":{"self":[{"href":"https:\/\/myvitaminss.com\/index.php\/wp-json\/wp\/v2\/product\/4943","targetHints":{"allow":["GET"]}}],"collection":[{"href":"https:\/\/myvitaminss.com\/index.php\/wp-json\/wp\/v2\/product"}],"about":[{"href":"https:\/\/myvitaminss.com\/index.php\/wp-json\/wp\/v2\/types\/product"}],"replies":[{"embeddable":true,"href":"https:\/\/myvitaminss.com\/index.php\/wp-json\/wp\/v2\/comments?post=4943"}],"wp:featuredmedia":[{"embeddable":true,"href":"https:\/\/myvitaminss.com\/index.php\/wp-json\/wp\/v2\/media\/5712"}],"wp:attachment":[{"href":"https:\/\/myvitaminss.com\/index.php\/wp-json\/wp\/v2\/media?parent=4943"}],"wp:term":[{"taxonomy":"product_cat","embeddable":true,"href":"https:\/\/myvitaminss.com\/index.php\/wp-json\/wp\/v2\/product_cat?post=4943"},{"taxonomy":"product_tag","embeddable":true,"href":"https:\/\/myvitaminss.com\/index.php\/wp-json\/wp\/v2\/product_tag?post=4943"}],"curies":[{"name":"wp","href":"https:\/\/api.w.org\/{rel}","templated":true}]}}