{"id":4932,"date":"2021-04-20T21:22:44","date_gmt":"2021-04-21T03:22:44","guid":{"rendered":"https:\/\/myvitaminss.com\/?post_type=product&#038;p=4932"},"modified":"2022-04-26T11:51:20","modified_gmt":"2022-04-26T17:51:20","slug":"geriatrico-con-ginseng-f-q-2pack","status":"publish","type":"product","link":"https:\/\/myvitaminss.com\/index.php\/producto\/geriatrico-con-ginseng-f-q-2pack\/","title":{"rendered":"GERIATRICO CON GINSENG F.Q. 2PACK \ud83e\udd17\ud83e\udd73"},"content":{"rendered":"<h4 style=\"text-align: center;\"><span style=\"color: #3366ff;\"><em><strong>\u00a0<\/strong><\/em><em><strong>Caja de 30 C\u00e1psulas blandas<\/strong><\/em><\/span><\/h4>\n<h4 style=\"text-align: center;\"><span style=\"color: #3366ff;\"><em><strong>DOSIS:<\/strong><\/em><\/span><br \/>\n<span style=\"color: #3366ff;\"><em><strong>Tratamiento preventivo y deficiencias:<\/strong><\/em><\/span><\/h4>\n<h4 style=\"text-align: center;\"><span style=\"color: #000000;\"><strong>Tomas dos c\u00e1psulas al d\u00eda, una con el desayuno y otra con el almuerzo.<\/strong><\/span><\/h4>\n<h4 style=\"text-align: center;\"><strong><span style=\"color: #000000;\">Si se dificulta la degluci\u00f3n deber\u00e1 cortar la c\u00e1psula, vaciar el contenido de la c\u00e1psula en una cuchara y mezclar con miel o jalea.<\/span><\/strong><\/h4>\n<h4 style=\"text-align: center;\">\n<em><span style=\"color: #000000;\"><strong><span style=\"color: #3366ff;\">VIA DE ADMINISTRACI\u00d3N: <\/span><\/strong><\/span><\/em><span style=\"color: #000000;\"><strong>Oral.<\/strong><\/span><\/h4>\n<h4 style=\"text-align: center;\">\n<span style=\"color: #000000;\"><strong>Pueden consumirlo los diab\u00e9ticos y tambi\u00e9n se recomienda para los vegetarianos.<\/strong><\/span><\/h4>\n<h4 style=\"text-align: center;\">\n<span style=\"color: #3366ff;\"><em><strong>CONTRAINDICACIONES Y ADVERTENCIAS:<\/strong><\/em><\/span><br \/>\n<span style=\"color: #000000;\"><span style=\"color: #000000;\">Hipersensibilidad a alg\u00fan componente de la f\u00f3rmula.<\/span><\/span><\/h4>\n<h4 style=\"text-align: center;\"><\/h4>\n<h4 style=\"text-align: center;\"><\/h4>\n<h4 style=\"text-align: center;\"><\/h4>\n","protected":false},"excerpt":{"rendered":"<h4 style=\"text-align: center;\"><span style=\"color: #3366ff;\"><strong><em>Precio 2Pack (Dos cajas de 30 c\u00e1psulas cada una)<br \/>\n<\/em><\/strong><\/span><\/h4>\n<h4 style=\"text-align: center;\"><span style=\"color: #3366ff;\"><strong><em>GERIATRICO H3 FARQUISAL<\/em><\/strong><\/span><br \/>\n<span style=\"color: #3366ff;\"><strong><em>con Ginseng<\/em><\/strong><\/span><\/h4>\n<h4 style=\"text-align: center;\"><span style=\"color: #000000;\"><strong>VITAMINAS Y MINERALES NECESARIO PARA COMBATIR EL ESTRES, AGOTAMIENTO FISICO E INTELECTUAL.<\/strong><\/span><\/h4>\n<h4 style=\"text-align: center;\"><span style=\"color: #000000;\"><strong>COMPLEMENTO IDEAL A BASE DE GINSENG<\/strong><\/span><\/h4>\n<h4 style=\"text-align: center;\"><span style=\"color: #3366ff;\"><strong><em>INDICACION TERAPEUTICA:<\/em><\/strong><\/span><\/h4>\n<h4 style=\"text-align: center;\"><strong>Prevenci\u00f3n y tratamiento de las manifestaciones patol\u00f3gicas de origen general (como capacidad corporal e intelectual reducida, estados de extenuaci\u00f3n y cansancio, desgano, falta de concentraci\u00f3n)<\/strong><\/h4>\n<h4 style=\"text-align: center;\">Procesos involutivos espec\u00edficos (Climaterio en hombres y mujeres, estados depresivos, distrofia de la piel, de las u\u00f1as y del pelo) Estados carenciales de Vitaminas y Minerales propios de la vejez procedentes del estr\u00e9s: Auxiliar en la hiperlipidemia, tolerancia reducida a los Hidratos de Carbono, molestias del orden Artr\u00f3sico-osteopor\u00f3tico, nutrici\u00f3n subcal\u00f3rica, disminuci\u00f3n del rendimiento sexual, convalecencia prolongada, as\u00ed como un aumento de la resistencia en general. Pacientes J\u00f3venes con estr\u00e9s Ps\u00edquico, capacidad de concentraci\u00f3n deficiente, descenso del rendimiento.<\/h4>\n<h4 style=\"text-align: center;\"><span style=\"color: #3366ff;\"><strong><em>Contiene Vitamina A, Vitamina D3, Vitamina E, Vitamina B1, Vitamina B2,\u00a0Vitamina B6,\u00a0Vitamina B12,\u00a0Vitamina C, Ginseng y muchas m\u00e1s, favor consultar empaque para detalles.<\/em><\/strong><\/span><\/h4>\n","protected":false},"featured_media":5721,"comment_status":"closed","ping_status":"closed","template":"","meta":[],"product_cat":[146,1129,136,138,139],"product_tag":[1130,1113,1131,1132,1133,1134,223,1135,1136,1137,1138,191,1139,1140,1141,1142,1143],"class_list":{"0":"post-4932","1":"product","2":"type-product","3":"status-publish","4":"has-post-thumbnail","6":"product_cat-capsulas-de-gelatina-blanda","7":"product_cat-laboratorios-farquisal","8":"product_cat-multivitaminas","9":"product_cat-vitaminas-neurotropas","10":"product_cat-vitaminas-y-suplementos","11":"product_tag-agotamiento-fisico-e-intelectual","12":"product_tag-capacidad-corporal-e-intelectual-reducida","13":"product_tag-climaterio-en-hombres-y-mujeres","14":"product_tag-combate-el-estres","15":"product_tag-convalescencia-prolongada","16":"product_tag-de-las-unas-y-del-pelo","17":"product_tag-desgano","18":"product_tag-disminucion-del-rendimiento-sexual","19":"product_tag-distrofia-de-la-piel","20":"product_tag-estados-de-extenuacion-y-cansancio","21":"product_tag-estados-depresivos","22":"product_tag-falta-de-concentracion","23":"product_tag-geriatrico-h3-farquisal-con-ginseng","24":"product_tag-hiperlipidemia","25":"product_tag-molestias-del-orden-artrosico-osteoporotico","26":"product_tag-nutricion-subcalorica","27":"product_tag-tolerancia-reducida-a-los-hidratos-de-carbono","29":"first","30":"instock","31":"shipping-taxable","32":"purchasable","33":"product-type-simple","34":"col-xs-6 col-sm-4","35":"col-md-3 col-lg-3","36":"un-4-cols"},"_links":{"self":[{"href":"https:\/\/myvitaminss.com\/index.php\/wp-json\/wp\/v2\/product\/4932","targetHints":{"allow":["GET"]}}],"collection":[{"href":"https:\/\/myvitaminss.com\/index.php\/wp-json\/wp\/v2\/product"}],"about":[{"href":"https:\/\/myvitaminss.com\/index.php\/wp-json\/wp\/v2\/types\/product"}],"replies":[{"embeddable":true,"href":"https:\/\/myvitaminss.com\/index.php\/wp-json\/wp\/v2\/comments?post=4932"}],"wp:featuredmedia":[{"embeddable":true,"href":"https:\/\/myvitaminss.com\/index.php\/wp-json\/wp\/v2\/media\/5721"}],"wp:attachment":[{"href":"https:\/\/myvitaminss.com\/index.php\/wp-json\/wp\/v2\/media?parent=4932"}],"wp:term":[{"taxonomy":"product_cat","embeddable":true,"href":"https:\/\/myvitaminss.com\/index.php\/wp-json\/wp\/v2\/product_cat?post=4932"},{"taxonomy":"product_tag","embeddable":true,"href":"https:\/\/myvitaminss.com\/index.php\/wp-json\/wp\/v2\/product_tag?post=4932"}],"curies":[{"name":"wp","href":"https:\/\/api.w.org\/{rel}","templated":true}]}}