{"id":4926,"date":"2021-04-20T21:22:44","date_gmt":"2021-04-21T03:22:44","guid":{"rendered":"https:\/\/myvitaminss.com\/?post_type=product&#038;p=4926"},"modified":"2022-04-26T12:00:29","modified_gmt":"2022-04-26T18:00:29","slug":"heavy-duty-geriatrico","status":"publish","type":"product","link":"https:\/\/myvitaminss.com\/index.php\/producto\/heavy-duty-geriatrico\/","title":{"rendered":"HEAVY DUTY GERIATRICO \ud83d\ude0e\ud83d\ude04"},"content":{"rendered":"<h4 style=\"text-align: center;\"><span style=\"color: #000000;\">Prevenci\u00f3n y tratamiento de las manifestaciones seniles de orden general tales como: capacidad corporal e intelectual reducida, cansancio, desgano, falta de concentraci\u00f3n, trastornos de sue\u00f1o, rigidez senil, prurito senil, climaterio femenino y viril, depresi\u00f3n, irritabilidad, estados carenciales de vitaminas y minerales propios de la vejez o causados por stress, alimentaci\u00f3n deficiente o incompleta, reconvalecencia retrasada.<\/span><\/h4>\n<h4 style=\"text-align: center;\"><span style=\"color: #3366ff;\"><em><strong>DOSIS:<\/strong><\/em><\/span><br \/>\n<span style=\"color: #000000;\"><strong>1 C\u00e1psula al d\u00eda o al criterio del m\u00e9dico.<\/strong><\/span><\/h4>\n<address style=\"text-align: center;\">\u00a0<\/address>\n<address style=\"text-align: center;\">\u00a0<\/address>\n","protected":false},"excerpt":{"rendered":"<h4 style=\"text-align: center;\"><span style=\"color: #3366ff;\"><em><strong>Caja de 30 c\u00e1psulas<br \/>\n<\/strong><\/em><\/span><\/h4>\n<address style=\"text-align: center;\">\n<h4><span style=\"color: #3366ff;\"><em><strong>HEAVY DUTY GERIATRICO<\/strong><\/em><\/span><\/h4>\n<h4><span style=\"color: #000000;\"><span style=\"color: #000000;\">Prevenci\u00f3n y tratamiento de las manifestaciones seniles de orden general tales como: capacidad corporal e intelectual reducida, cansancio, desgano, falta de concentraci\u00f3n, trastornos de sue\u00f1o, rigidez senil, prurito senil, climaterio femenino y viril, depresi\u00f3n, irritabilidad, estados carenciales de vitaminas y minerales propios de la vejez o causados por stress, alimentaci\u00f3n deficiente o incompleta, reconvalecencia retrasada. <\/span><\/span><\/h4>\n<h4><span style=\"color: #000000;\"><span style=\"color: #3366ff;\"><em><span style=\"color: #3366ff;\">En personas <\/span><span style=\"color: #3366ff;\">j\u00f3venes<\/span><span style=\"color: #3366ff;\">:<\/span><\/em><\/span><span style=\"color: #000000;\"> stress ps\u00edquico, capacidad de concentraci\u00f3n deficiente, fatiga, descenso en el rendimiento f\u00edsico o mental.<\/span><\/span><\/h4>\n<\/address>\n","protected":false},"featured_media":5722,"comment_status":"closed","ping_status":"closed","template":"","meta":{"_kad_post_transparent":"","_kad_post_title":"","_kad_post_layout":"","_kad_post_sidebar_id":"","_kad_post_content_style":"","_kad_post_vertical_padding":"","_kad_post_feature":"","_kad_post_feature_position":"","_kad_post_header":false,"_kad_post_footer":false,"_kad_post_classname":""},"product_brand":[],"product_cat":[208,1111,136,138,139],"product_tag":[1112,273,1113,1114,188,223,1115,1116,1117,214,1118,1119,1120,1121,1122],"class_list":{"0":"post-4926","1":"product","2":"type-product","3":"status-publish","4":"has-post-thumbnail","6":"product_cat-capsulas","7":"product_cat-laboratorios-piersan","8":"product_cat-multivitaminas","9":"product_cat-vitaminas-neurotropas","10":"product_cat-vitaminas-y-suplementos","11":"product_tag-alimentacion-deficiente-o-incompleta","12":"product_tag-cansancio","13":"product_tag-capacidad-corporal-e-intelectual-reducida","14":"product_tag-climaterio-femenino-y-viril","15":"product_tag-depresion","16":"product_tag-desgano","17":"product_tag-estados-carenciales-de-vitaminas-y-minerales-propios-de-la-vejez-o-causados-por-stress","18":"product_tag-falta-de-concentrcion","19":"product_tag-heavy-duty-geriatrico","20":"product_tag-irritabilidad","21":"product_tag-prevencion-y-tratamiento-de-las-manifestaciones-seniles-de-orden-general","22":"product_tag-prurito-senil","23":"product_tag-reconvalescencia-retrasada","24":"product_tag-rigidez-senil","25":"product_tag-trastornos-de-sueno","27":"first","28":"instock","29":"shipping-taxable","30":"purchasable","31":"product-type-simple","32":"entry","33":"content-bg","34":"loop-entry"},"_links":{"self":[{"href":"https:\/\/myvitaminss.com\/index.php\/wp-json\/wp\/v2\/product\/4926","targetHints":{"allow":["GET"]}}],"collection":[{"href":"https:\/\/myvitaminss.com\/index.php\/wp-json\/wp\/v2\/product"}],"about":[{"href":"https:\/\/myvitaminss.com\/index.php\/wp-json\/wp\/v2\/types\/product"}],"replies":[{"embeddable":true,"href":"https:\/\/myvitaminss.com\/index.php\/wp-json\/wp\/v2\/comments?post=4926"}],"wp:featuredmedia":[{"embeddable":true,"href":"https:\/\/myvitaminss.com\/index.php\/wp-json\/wp\/v2\/media\/5722"}],"wp:attachment":[{"href":"https:\/\/myvitaminss.com\/index.php\/wp-json\/wp\/v2\/media?parent=4926"}],"wp:term":[{"taxonomy":"product_brand","embeddable":true,"href":"https:\/\/myvitaminss.com\/index.php\/wp-json\/wp\/v2\/product_brand?post=4926"},{"taxonomy":"product_cat","embeddable":true,"href":"https:\/\/myvitaminss.com\/index.php\/wp-json\/wp\/v2\/product_cat?post=4926"},{"taxonomy":"product_tag","embeddable":true,"href":"https:\/\/myvitaminss.com\/index.php\/wp-json\/wp\/v2\/product_tag?post=4926"}],"curies":[{"name":"wp","href":"https:\/\/api.w.org\/{rel}","templated":true}]}}

<h4 style="text-align: center;"><span style="color: #000000;">Prevención y tratamiento de las manifestaciones seniles de orden general tales como: capacidad corporal e intelectual reducida, cansancio, desgano, falta de concentración, trastornos de sueño, rigidez senil, prurito senil, climaterio femenino y viril, depresión, irritabilidad, estados carenciales de vitaminas y minerales propios de la vejez o causados por stress, alimentación deficiente o incompleta, reconvalecencia retrasada.</span></h4>
<h4 style="text-align: center;"><span style="color: #3366ff;"><em><strong>DOSIS:</strong></em></span><br />
<span style="color: #000000;"><strong>1 Cápsula al día o al criterio del médico.</strong></span></h4>
<address style="text-align: center;"> </address>
<address style="text-align: center;"> </address>

<h4 style="text-align: center;"><span style="color: #3366ff;"><em><strong>Caja de 30 cápsulas<br />
</strong></em></span></h4>
<address style="text-align: center;">
<h4><span style="color: #3366ff;"><em><strong>HEAVY DUTY GERIATRICO</strong></em></span></h4>
<h4><span style="color: #000000;"><span style="color: #000000;">Prevención y tratamiento de las manifestaciones seniles de orden general tales como: capacidad corporal e intelectual reducida, cansancio, desgano, falta de concentración, trastornos de sueño, rigidez senil, prurito senil, climaterio femenino y viril, depresión, irritabilidad, estados carenciales de vitaminas y minerales propios de la vejez o causados por stress, alimentación deficiente o incompleta, reconvalecencia retrasada. </span></span></h4>
<h4><span style="color: #000000;"><span style="color: #3366ff;"><em><span style="color: #3366ff;">En personas </span><span style="color: #3366ff;">jóvenes</span><span style="color: #3366ff;">:</span></em></span><span style="color: #000000;"> stress psíquico, capacidad de concentración deficiente, fatiga, descenso en el rendimiento físico o mental.</span></span></h4>
</address>
