{"id":4713,"date":"2021-04-20T21:20:59","date_gmt":"2021-04-21T03:20:59","guid":{"rendered":"https:\/\/myvitaminss.com\/?post_type=product&#038;p=4713"},"modified":"2022-06-07T10:28:00","modified_gmt":"2022-06-07T16:28:00","slug":"elimine-esa-infeccion-con-amoxicilina-500mg-saimed","status":"publish","type":"product","link":"https:\/\/myvitaminss.com\/index.php\/producto\/elimine-esa-infeccion-con-amoxicilina-500mg-saimed\/","title":{"rendered":"Elimine esa infeccion con Amoxicilina 500mg Saimed"},"content":{"rendered":"<h4 style=\"text-align: center;\"><span style=\"color: #3366ff;\"><em><strong>Dosis:<\/strong><\/em><\/span><\/h4>\n<h4 style=\"text-align: center;\"><strong><span style=\"color: #000000;\">Se toma generalmente cada 12 horas (dos veces al d\u00eda) o cada 8 horas (tres veces al d\u00eda) con o sin alimentos. <\/span><\/strong><\/h4>\n<h4 style=\"text-align: center;\"><strong><span style=\"color: #000000;\">Para ayudarle a acordarse de tomar el medicamento, t\u00f3melo a la misma hora todos los d\u00edas.<\/span><\/strong><\/h4>\n","protected":false},"excerpt":{"rendered":"<h3 style=\"text-align: center;\"><span style=\"color: #3366ff;\"><strong><em>Dispensador de 100 C\u00e1psulas<\/em><\/strong><\/span><\/h3>\n<h4 style=\"text-align: center;\"><em><strong><span style=\"color: #000000;\"><span style=\"color: #3366ff;\">La amoxicilina <\/span><\/span><\/strong><\/em><strong><span style=\"color: #000000;\">se usa para tratar ciertas infecciones causadas por bacterias, como neumon\u00eda; bronquitis; gonorrea; y las infecciones de los o\u00eddos, nariz, garganta, v\u00edas urinarias y la piel. <\/span><\/strong><\/h4>\n<h4 style=\"text-align: center;\"><strong><span style=\"color: #000000;\">Tambi\u00e9n se usa en combinaci\u00f3n con otros medicamentos para eliminar H. pylori, la bacteria que causa \u00falceras. <\/span><\/strong><\/h4>\n<h4 style=\"text-align: center;\"><strong><span style=\"color: #000000;\"><span style=\"color: #3366ff;\">La amoxicilina<\/span> pertenece a una clase de antibi\u00f3ticos llamados \u00abmedicamentos similares\u00bb a la penicilina. <\/span><\/strong><\/h4>\n<h4 style=\"text-align: center;\"><strong><span style=\"color: #000000;\">Funciona al detener el crecimiento de las bacterias. <\/span><\/strong><\/h4>\n<h4 style=\"text-align: center;\"><span style=\"color: #3366ff;\"><strong>Los antibi\u00f3ticos no tienen ning\u00fan efecto sobre los resfr\u00edos, la gripe y otras infecciones virales.<\/strong><\/span><\/h4>\n<p>&nbsp;<\/p>\n","protected":false},"featured_media":5812,"comment_status":"closed","ping_status":"closed","template":"","meta":[],"product_cat":[498,208,402],"product_tag":[779,780,781,782,783,784,785],"class_list":{"0":"post-4713","1":"product","2":"type-product","3":"status-publish","4":"has-post-thumbnail","6":"product_cat-antibioticos","7":"product_cat-capsulas","8":"product_cat-laboratorios-saimed","9":"product_tag-amoxicilina-capsulas-500mg","10":"product_tag-amoxicilina-capsulas-500mg-amazon","11":"product_tag-amoxicilina-capsulas-500mg-ebay","12":"product_tag-amoxicilina-capsulas-500mg-original","13":"product_tag-amoxicilina-dosis","14":"product_tag-amoxicilina-presentacion","15":"product_tag-amoxicilina-vademecum","17":"first","18":"instock","19":"shipping-taxable","20":"purchasable","21":"product-type-simple","22":"col-xs-6 col-sm-4","23":"col-md-3 col-lg-3","24":"un-4-cols"},"_links":{"self":[{"href":"https:\/\/myvitaminss.com\/index.php\/wp-json\/wp\/v2\/product\/4713","targetHints":{"allow":["GET"]}}],"collection":[{"href":"https:\/\/myvitaminss.com\/index.php\/wp-json\/wp\/v2\/product"}],"about":[{"href":"https:\/\/myvitaminss.com\/index.php\/wp-json\/wp\/v2\/types\/product"}],"replies":[{"embeddable":true,"href":"https:\/\/myvitaminss.com\/index.php\/wp-json\/wp\/v2\/comments?post=4713"}],"wp:featuredmedia":[{"embeddable":true,"href":"https:\/\/myvitaminss.com\/index.php\/wp-json\/wp\/v2\/media\/5812"}],"wp:attachment":[{"href":"https:\/\/myvitaminss.com\/index.php\/wp-json\/wp\/v2\/media?parent=4713"}],"wp:term":[{"taxonomy":"product_cat","embeddable":true,"href":"https:\/\/myvitaminss.com\/index.php\/wp-json\/wp\/v2\/product_cat?post=4713"},{"taxonomy":"product_tag","embeddable":true,"href":"https:\/\/myvitaminss.com\/index.php\/wp-json\/wp\/v2\/product_tag?post=4713"}],"curies":[{"name":"wp","href":"https:\/\/api.w.org\/{rel}","templated":true}]}}