{"id":4704,"date":"2021-04-20T21:20:58","date_gmt":"2021-04-21T03:20:58","guid":{"rendered":"https:\/\/myvitaminss.com\/?post_type=product&#038;p=4704"},"modified":"2025-08-08T16:42:04","modified_gmt":"2025-08-08T22:42:04","slug":"dexamigran-80-tabletas-alivio-a-las-migranas","status":"publish","type":"product","link":"https:\/\/myvitaminss.com\/index.php\/producto\/dexamigran-80-tabletas-alivio-a-las-migranas\/","title":{"rendered":"Dexamigr\u00e1n 80 Tabletas Alivio a Las Migra\u00f1as"},"content":{"rendered":"<h4 style=\"text-align: center;\"><em><span style=\"color: #3366ff;\"><strong>PRECAUCIONES GENERALES: <\/strong><\/span><\/em><\/h4>\n<h4 style=\"text-align: center;\"><strong><span style=\"color: #000000;\">El paciente no deber\u00e1 exceder la dosis recomendada, ni usar <em><span style=\"color: #3366ff;\">DEXAMIGR\u00c1N<\/span><\/em> por m\u00e1s de 5 d\u00edas para el dolor o 3 d\u00edas para la fiebre, sin consultar a un m\u00e9dico. <\/span><\/strong><\/h4>\n<h4 style=\"text-align: center;\"><strong><span style=\"color: #000000;\">Si los s\u00edntomas persisten o empeoran, o si presentan s\u00edntomas nuevos, el paciente deber\u00e1 consultar a un doctor. <\/span><\/strong><\/h4>\n<h4 style=\"text-align: center;\"><strong><span style=\"color: #000000;\">\u00a0<span style=\"color: #3366ff;\"><em>RESTRICCIONES DE USO DURANTE EL EMBARAZO Y LA LACTANCIA: <\/em><\/span><\/span><\/strong><\/h4>\n<h4 style=\"text-align: center;\"><strong><span style=\"color: #000000;\">Uso durante el embarazo: Debe tenerse cuidado cuando se usa en pacientes embarazadas. <\/span><\/strong><\/h4>\n<h4 style=\"text-align: center;\"><strong><span style=\"color: #000000;\">Uso durante la lactancia: No est\u00e1 recomendado durante la lactancia. <\/span><\/strong><\/h4>\n<h4 style=\"text-align: center;\"><strong><span style=\"color: #000000;\"><em><span style=\"color: #3366ff;\">REACCIONES SECUNDARIAS O ADVERSAS:<\/span><\/em> Pueden ocurrir los siguientes efectos no deseados: Reacciones al\u00e9rgicas, dolor o molestia estomacal, el \u00e1rea de dolor se enrojece o inflama. <\/span><\/strong><\/h4>\n<h4 style=\"text-align: center;\"><strong><span style=\"color: #000000;\">Si aparece cualquiera de estos efectos no deseados, el tratamiento deber\u00e1 suspenderse. <\/span><\/strong><\/h4>\n<h4 style=\"text-align: center;\"><strong><span style=\"color: #000000;\">En caso de alergia, deber\u00e1 buscarse ayuda m\u00e9dica de inmediato.<\/span> <\/strong><\/h4>\n","protected":false},"excerpt":{"rendered":"<h4 style=\"text-align: center;\"><em><span style=\"color: #3366ff;\"><strong>Dispensador 80 tabletas. <\/strong><\/span><\/em><\/h4>\n<h4 style=\"text-align: center;\"><strong><span style=\"color: #000000;\">V\u00eda oral <\/span><\/strong><\/h4>\n<h4 style=\"text-align: center;\"><strong><span style=\"color: #000000;\">PRODUCTO DE VENTA LIBRE <\/span><\/strong><\/h4>\n<h4 style=\"text-align: center;\"><em><span style=\"color: #3366ff;\"><strong>INDICACIONES TERAP\u00c9UTICAS: <\/strong><\/span><\/em><\/h4>\n<h4 style=\"text-align: center;\"><strong><span style=\"color: #000000;\"><span style=\"color: #3366ff;\"><em>DEXAMIGR\u00c1N<\/em><\/span> es para tratar migra\u00f1a. <\/span><\/strong><\/h4>\n<h4 style=\"text-align: center;\"><strong><span style=\"color: #000000;\"><em><span style=\"color: #3366ff;\">DEXAMIGR\u00c1N<\/span><\/em> alivia dolores fuertes y dolores menores debidos a: cefalea, resfriado, artritis, dolores musculares, sinusitis, dolor dental, c\u00f3lico menstrual. <\/span><\/strong><\/h4>\n<h4 style=\"text-align: center;\"><em><span style=\"color: #3366ff;\"><strong>DOSIS: <\/strong><\/span><\/em><\/h4>\n<h4 style=\"text-align: center;\"><em><span style=\"color: #3366ff;\"><strong>Para la indicaci\u00f3n de migra\u00f1a: <\/strong><\/span><\/em><\/h4>\n<h4 style=\"text-align: center;\"><em><span style=\"color: #3366ff;\"><strong>Adultos y mayores de 18 a\u00f1os: <\/strong><\/span><\/em><\/h4>\n<h4 style=\"text-align: center;\"><strong><span style=\"color: #000000;\">Tomar 2 tabletas con un vaso con agua, no tomar m\u00e1s de 2 tabletas en 24 horas, <\/span><\/strong><\/h4>\n<h4 style=\"text-align: center;\"><strong><span style=\"color: #000000;\">a menos que lo indique un doctor. <\/span><\/strong><\/h4>\n<h4 style=\"text-align: center;\"><strong><span style=\"color: #000000;\"><em><span style=\"color: #3366ff;\">Menores de 18 a\u00f1os de edad:<\/span><\/em> Consultara un m\u00e9dico. <\/span><\/strong><\/h4>\n<h4 style=\"text-align: center;\"><span style=\"color: #3366ff;\"><strong>Para la indicaci\u00f3n de algias y dolores menores: <\/strong><\/span><\/h4>\n<h4 style=\"text-align: center;\"><em><span style=\"color: #3366ff;\"><strong>Adultos y mayores de 12 a\u00f1os:<\/strong><\/span><\/em><\/h4>\n<h4 style=\"text-align: center;\"><strong><span style=\"color: #000000;\">Tomar 2 tabletas con un vaso con agua cada 6 horas; <\/span><\/strong><\/h4>\n<h4 style=\"text-align: center;\"><strong><span style=\"color: #000000;\">no administrar m\u00e1s de 8 tabletas en 24 horas. <\/span><\/strong><\/h4>\n<h4 style=\"text-align: center;\"><strong><span style=\"color: #000000;\"><em><span style=\"color: #3366ff;\">Ni\u00f1os menores de 12 a\u00f1os:<\/span><\/em> Consultar a un m\u00e9dico.\u00a0<\/span> <\/strong><\/h4>\n","protected":false},"featured_media":5820,"comment_status":"closed","ping_status":"closed","template":"","meta":{"_kad_post_transparent":"","_kad_post_title":"","_kad_post_layout":"","_kad_post_sidebar_id":"","_kad_post_content_style":"","_kad_post_vertical_padding":"","_kad_post_feature":"","_kad_post_feature_position":"","_kad_post_header":false,"_kad_post_footer":false,"_kad_post_classname":""},"product_brand":[],"product_cat":[650,148,327,281,282],"product_tag":[286,759,760,761,691,462,358,762,763],"class_list":{"0":"post-4704","1":"product","2":"type-product","3":"status-publish","4":"has-post-thumbnail","6":"product_cat-laboratorios-polyfarma","7":"product_cat-medicamento-para-el-dolor","8":"product_cat-muelas","9":"product_cat-para-el-dolor-y-fiebre","10":"product_cat-tabletas","11":"product_tag-cefalea","12":"product_tag-colico-menstrual","13":"product_tag-dexamigran","14":"product_tag-dolor-dental","15":"product_tag-dolores-fuertes","16":"product_tag-dolores-musculares","17":"product_tag-migrana","18":"product_tag-resfriado","19":"product_tag-sinusitis","21":"first","22":"outofstock","23":"sale","24":"shipping-taxable","25":"purchasable","26":"product-type-simple","27":"entry","28":"content-bg","29":"loop-entry"},"_links":{"self":[{"href":"https:\/\/myvitaminss.com\/index.php\/wp-json\/wp\/v2\/product\/4704","targetHints":{"allow":["GET"]}}],"collection":[{"href":"https:\/\/myvitaminss.com\/index.php\/wp-json\/wp\/v2\/product"}],"about":[{"href":"https:\/\/myvitaminss.com\/index.php\/wp-json\/wp\/v2\/types\/product"}],"replies":[{"embeddable":true,"href":"https:\/\/myvitaminss.com\/index.php\/wp-json\/wp\/v2\/comments?post=4704"}],"wp:featuredmedia":[{"embeddable":true,"href":"https:\/\/myvitaminss.com\/index.php\/wp-json\/wp\/v2\/media\/5820"}],"wp:attachment":[{"href":"https:\/\/myvitaminss.com\/index.php\/wp-json\/wp\/v2\/media?parent=4704"}],"wp:term":[{"taxonomy":"product_brand","embeddable":true,"href":"https:\/\/myvitaminss.com\/index.php\/wp-json\/wp\/v2\/product_brand?post=4704"},{"taxonomy":"product_cat","embeddable":true,"href":"https:\/\/myvitaminss.com\/index.php\/wp-json\/wp\/v2\/product_cat?post=4704"},{"taxonomy":"product_tag","embeddable":true,"href":"https:\/\/myvitaminss.com\/index.php\/wp-json\/wp\/v2\/product_tag?post=4704"}],"curies":[{"name":"wp","href":"https:\/\/api.w.org\/{rel}","templated":true}]}}