{"id":4480,"date":"2021-04-20T21:19:40","date_gmt":"2021-04-21T03:19:40","guid":{"rendered":"https:\/\/myvitaminss.com\/?post_type=product&#038;p=4480"},"modified":"2022-06-07T17:38:18","modified_gmt":"2022-06-07T23:38:18","slug":"pre-workout","status":"publish","type":"product","link":"https:\/\/myvitaminss.com\/index.php\/producto\/pre-workout\/","title":{"rendered":"PRE-WORKOUT"},"content":{"rendered":"<address style=\"text-align: center;\">\u00a0<\/address>\n<h4 style=\"text-align: center;\"><span style=\"color: #3366ff;\"><em><strong>12 Sobres\u00a0Liquipak\u00a0<\/strong><\/em><\/span><\/h4>\n<h4 style=\"text-align: center;\"><span style=\"color: #3366ff;\"><em><strong>INSTRUCCIONES:<\/strong><\/em><\/span><\/h4>\n<h4 style=\"text-align: center;\"><span style=\"color: #3366ff;\"><em><strong>Dosis: <\/strong><\/em><\/span><\/h4>\n<address style=\"text-align: center;\"><strong><span style=\"color: #000000;\">Tomar 1 Liquipak de<span style=\"color: #3366ff;\"> Pre-Workout<\/span> 5 minutos antes del entreno.<\/span><\/strong><br \/>\n<strong><span style=\"color: #000000;\">No excedas la dosis de un sobre al d\u00eda.<\/span><\/strong><br \/>\n<strong><span style=\"color: #000000;\">No se debe mezclar ni tomar con otros productos que contengan cafe\u00edna.<\/span><\/strong><\/address>\n<address style=\"text-align: center;\">\n<span style=\"color: #3366ff;\"><strong>Es \u00fatil para adultos sanos (mayores de 18 a\u00f1os) y no para Hipertensos.<\/strong><\/span><\/address>\n","protected":false},"excerpt":{"rendered":"<address style=\"text-align: center;\">\u00a0<\/address>\n<address style=\"text-align: center;\"><strong><span style=\"color: #000000;\"><span style=\"color: #3366ff;\"><em>Pre-Workout<\/em><\/span> es una Nutrici\u00f3n para el Rendimiento Deportivo Superior <\/span><\/strong><strong><span style=\"color: #000000;\">(FOR SUPERIOR ATHLETIC PERFORMANCE), <\/span><\/strong><span style=\"color: #000000;\"><span style=\"color: #000000;\"><b>Importante para tomar antes del entreno y <\/b><\/span><span style=\"color: #3366ff;\"><em>obtener energ\u00eda, resistencia, fuerza<\/em><\/span><span style=\"color: #000000;\"><b>, que requieres en entrenamientos superiores, mejorando el bombeo\u00a0sangu\u00edneo, fortaleciendo tejidos musculares y favoreciendo a una mejor recuperaci\u00f3n.<\/b><\/span><\/span><\/address>\n<address style=\"text-align: center;\">\n<em><span style=\"color: #3366ff;\"><strong>Caracter\u00edsticas :<\/strong><\/span><\/em><br \/>\n<strong><span style=\"color: #000000;\"><em><span style=\"color: #3366ff;\">Pre-Workout<\/span><\/em> contiene Vitaminas del Complejo B (B3, B6 y B12) , para la liberaci\u00f3n interna de Energ\u00eda. <\/span><\/strong><br \/>\n<strong><span style=\"color: #000000;\">Combinado con una Mezcla Intensificadora de Energ\u00eda, formada con <span style=\"color: #3366ff;\">Taurina, T\u00e9 Verde, \u00c1cido M\u00e1lico y Cafe\u00edna.<\/span><\/span><\/strong><br \/>\n<strong><span style=\"color: #000000;\">Una Matriz de Fuerza y Poder por contener L-arginina y Eleuthero.<\/span><\/strong><br \/>\n<span style=\"color: #3366ff;\"><strong>Aporta tanta cafe\u00edna como 1 y 1\/2 Tza. de Caf\u00e9.<\/strong><\/span><br \/>\n<strong><span style=\"color: #000000;\">Con sabor c\u00edtrico.<\/span><\/strong><\/address>\n<address style=\"text-align: center;\">\n<span style=\"color: #3366ff;\"><strong>Pre-Workout (Pre-Entreno) promueve :<\/strong><\/span><br \/>\n<strong><span style=\"color: #000000;\">Intensidad y Energ\u00eda para Entrenamientos Explosivos.<\/span><\/strong><\/address>\n<address style=\"text-align: center;\">\n<span style=\"color: #3366ff;\"><strong>M\u00e1s Fuerza, Potencia y Resistencia.<\/strong><\/span><\/address>\n<address style=\"text-align: center;\">\n<strong><span style=\"color: #000000;\">Mejor Vascularidad y Bombeo Sangu\u00edneo.<\/span><\/strong><\/address>\n","protected":false},"featured_media":5868,"comment_status":"closed","ping_status":"closed","template":"","meta":[],"product_cat":[],"product_tag":[],"class_list":{"0":"post-4480","1":"product","2":"type-product","3":"status-publish","4":"has-post-thumbnail","7":"first","8":"instock","9":"purchasable","10":"product-type-simple","11":"col-xs-6 col-sm-4","12":"col-md-3 col-lg-3","13":"un-4-cols"},"_links":{"self":[{"href":"https:\/\/myvitaminss.com\/index.php\/wp-json\/wp\/v2\/product\/4480","targetHints":{"allow":["GET"]}}],"collection":[{"href":"https:\/\/myvitaminss.com\/index.php\/wp-json\/wp\/v2\/product"}],"about":[{"href":"https:\/\/myvitaminss.com\/index.php\/wp-json\/wp\/v2\/types\/product"}],"replies":[{"embeddable":true,"href":"https:\/\/myvitaminss.com\/index.php\/wp-json\/wp\/v2\/comments?post=4480"}],"wp:featuredmedia":[{"embeddable":true,"href":"https:\/\/myvitaminss.com\/index.php\/wp-json\/wp\/v2\/media\/5868"}],"wp:attachment":[{"href":"https:\/\/myvitaminss.com\/index.php\/wp-json\/wp\/v2\/media?parent=4480"}],"wp:term":[{"taxonomy":"product_cat","embeddable":true,"href":"https:\/\/myvitaminss.com\/index.php\/wp-json\/wp\/v2\/product_cat?post=4480"},{"taxonomy":"product_tag","embeddable":true,"href":"https:\/\/myvitaminss.com\/index.php\/wp-json\/wp\/v2\/product_tag?post=4480"}],"curies":[{"name":"wp","href":"https:\/\/api.w.org\/{rel}","templated":true}]}}