{"id":4463,"date":"2021-04-20T21:19:39","date_gmt":"2021-04-21T03:19:39","guid":{"rendered":"https:\/\/myvitaminss.com\/?post_type=product&#038;p=4463"},"modified":"2022-06-12T11:21:57","modified_gmt":"2022-06-12T17:21:57","slug":"forxex-50mg-potenciador-sexual","status":"publish","type":"product","link":"https:\/\/myvitaminss.com\/index.php\/producto\/forxex-50mg-potenciador-sexual\/","title":{"rendered":"FORXEX 50mg"},"content":{"rendered":"<h4 style=\"text-align: center;\"><span style=\"color: #3366ff;\"><strong><em>Dosis:<\/em><\/strong><\/span><\/h4>\n<h4 style=\"text-align: center;\"><span style=\"color: #000000;\">Como tratamiento de la disfunci\u00f3n er\u00e9ctil, la dosis usualmente recomendada es de 100mg, no debiendo superar los citados 100mg, desaconsej\u00e1ndose la toma de m\u00e1s de una dosis diaria.<\/span><br \/>\n<span style=\"color: #000000;\"> Lo m\u00e1s habitual es el consumo de 50mg \u00f3 100mg &#8211; 30 minutos antes de las relaciones sexuales<\/span><\/h4>\n","protected":false},"excerpt":{"rendered":"<h2 style=\"text-align: center;\"><span style=\"color: #3366ff;\"><em>PRECIO DE 12 TABLETAS DE 50mg.<\/em><\/span><\/h2>\n<h4 style=\"text-align: center;\"><span style=\"color: #000000;\">El descubrimiento del Sildenafil para el tratamiento de los problemas de erecci\u00f3n marc\u00f3 el inicio de la 3a revoluci\u00f3n sexual cambiando para siempre, el abordaje de los problemas sexuales.<\/span><\/h4>\n<h4 style=\"text-align: center;\">\n<em><span style=\"color: #3366ff;\">COMO SE TOMA?<\/span><\/em><br \/>\n<span style=\"color: #000000;\">Se toma aproximadamente veinticinco a sesenta minutos antes de la relaci\u00f3n sexual.<\/span><br \/>\n<span style=\"color: #000000;\"> Los estudios demuestran que es eficaz tom\u00e1ndola incluso con cinco o seis horas de anticipaci\u00f3n.<\/span><\/h4>\n<h4 style=\"text-align: center;\">\n<em><span style=\"color: #3366ff;\">Se puede tomar en cualquier momento del d\u00eda?<\/span><\/em><br \/>\n<span style=\"color: #000000;\">Es recomendable tomarla dos horas despu\u00e9s de comer, es decir, con el estomago vac\u00edo.<\/span><br \/>\n<span style=\"color: #000000;\"> Nunca se debe tomar m\u00e1s de una pastilla por d\u00eda.<\/span><br \/>\n<span style=\"color: #000000;\"> Es importante destacar que este medicamento funciona en el tanto exista un est\u00edmulo sexual, sea una caricia, un pensamiento, un beso o un encuentro sexual propiamente dicho.<\/span><br \/>\n<span style=\"color: #000000;\"> No provoca erecciones espont\u00e1neas.<\/span><\/h4>\n<h4 style=\"text-align: center;\">\n<span style=\"color: #3366ff;\"><em>Cu\u00e1nto tarda en hacer efecto?<\/em><\/span><br \/>\n<span style=\"color: #000000;\">Usualmente se presenta entre los treinta y sesenta minutos, o incluso antes.<\/span><\/h4>\n<h4 style=\"text-align: center;\">\n<em><span style=\"color: #3366ff;\">Cu\u00e1nto dura el efecto?<\/span><\/em><br \/>\n<span style=\"color: #000000;\">El efecto se mantiene por un per\u00edodo de cinco a seis horas.<\/span><\/h4>\n<h4 style=\"text-align: center;\">\n<span style=\"color: #3366ff;\"><em>Provoca erecciones por seis horas?<\/em><\/span><br \/>\n<span style=\"color: #000000;\">De ninguna manera.<\/span><br \/>\n<span style=\"color: #000000;\"> Este medicamento permite que durante seis horas se pueda desencadenar la erecci\u00f3n ante un est\u00edmulo sexual, pero no provoca erecciones por varias horas.<\/span><\/h4>\n","protected":false},"featured_media":5874,"comment_status":"closed","ping_status":"closed","template":"","meta":[],"product_cat":[926,429,282],"product_tag":[927,644,928,929,437,930,931],"class_list":{"0":"post-4463","1":"product","2":"type-product","3":"status-publish","4":"has-post-thumbnail","6":"product_cat-laboratorios-rowalt","7":"product_cat-potenciador-sexual","8":"product_cat-tabletas","9":"product_tag-encuentro-sexual","10":"product_tag-ereccion","11":"product_tag-estimulo-sexual","12":"product_tag-forxex-50mg","13":"product_tag-problemas-de-ereccion","14":"product_tag-relacion-sexual","15":"product_tag-viagra","17":"first","18":"instock","19":"shipping-taxable","20":"purchasable","21":"product-type-simple","22":"col-xs-6 col-sm-4","23":"col-md-3 col-lg-3","24":"un-4-cols"},"_links":{"self":[{"href":"https:\/\/myvitaminss.com\/index.php\/wp-json\/wp\/v2\/product\/4463","targetHints":{"allow":["GET"]}}],"collection":[{"href":"https:\/\/myvitaminss.com\/index.php\/wp-json\/wp\/v2\/product"}],"about":[{"href":"https:\/\/myvitaminss.com\/index.php\/wp-json\/wp\/v2\/types\/product"}],"replies":[{"embeddable":true,"href":"https:\/\/myvitaminss.com\/index.php\/wp-json\/wp\/v2\/comments?post=4463"}],"wp:featuredmedia":[{"embeddable":true,"href":"https:\/\/myvitaminss.com\/index.php\/wp-json\/wp\/v2\/media\/5874"}],"wp:attachment":[{"href":"https:\/\/myvitaminss.com\/index.php\/wp-json\/wp\/v2\/media?parent=4463"}],"wp:term":[{"taxonomy":"product_cat","embeddable":true,"href":"https:\/\/myvitaminss.com\/index.php\/wp-json\/wp\/v2\/product_cat?post=4463"},{"taxonomy":"product_tag","embeddable":true,"href":"https:\/\/myvitaminss.com\/index.php\/wp-json\/wp\/v2\/product_tag?post=4463"}],"curies":[{"name":"wp","href":"https:\/\/api.w.org\/{rel}","templated":true}]}}