{"id":4324,"date":"2021-04-20T21:18:51","date_gmt":"2021-04-21T03:18:51","guid":{"rendered":"https:\/\/myvitaminss.com\/?post_type=product&#038;p=4324"},"modified":"2022-07-05T15:37:26","modified_gmt":"2022-07-05T21:37:26","slug":"mejore-la-memoria-con-ultraestres-capsulas-tripack","status":"publish","type":"product","link":"https:\/\/myvitaminss.com\/index.php\/producto\/mejore-la-memoria-con-ultraestres-capsulas-tripack\/","title":{"rendered":"Mejore la memoria con ULTRAESTRES C\u00c1PSULAS TRIPACK"},"content":{"rendered":"<address style=\"text-align: center;\">\u00a0<\/address>\n<address style=\"text-align: center;\"><em><span style=\"color: #3366ff;\"><strong>Caja de 30 C\u00e1psulas<\/strong><\/span><\/em><\/address>\n<address style=\"text-align: center;\">\u00a0<\/address>\n<address style=\"text-align: center;\"><em><span style=\"color: #3366ff;\"><strong>Dosis:<\/strong><\/span><\/em><\/address>\n<address style=\"text-align: center;\"><b><i><span style=\"color: #3366ff;\">J\u00f3venes y Adultos:<\/span> Tomar una c\u00e1psula tres veces al d\u00eda.<\/i><\/b><\/address>\n","protected":false},"excerpt":{"rendered":"<h1 style=\"text-align: center;\"><span style=\"color: #3366ff;\"><em><strong>PRECIO TRIPACK (3 CAJAS)<\/strong><\/em><\/span><\/h1>\n<p>&nbsp;<\/p>\n<h2 style=\"text-align: center;\"><span style=\"color: #3366ff;\"><em>ULTRAESTRES CAPSULAS de BIOKEMICAL<\/em><\/span><\/h2>\n<address style=\"text-align: center;\"><span style=\"color: #3366ff;\"><strong>Fatiga Mental Y F\u00edsica<\/strong><\/span><\/address>\n<address>\u00a0<\/address>\n<address style=\"text-align: center;\"><span style=\"color: #000000;\"><span style=\"color: #000000;\"><b>Este producto es un suplemento vitam\u00ednico, por contener en su formula vitaminas del complejo B, mas \u00e1cido glut\u00e1mico; ingredientes que est\u00e1n indicados para personas con <\/b><\/span><\/span><\/address>\n<address style=\"text-align: center;\"><span style=\"color: #000000;\"><b>estr\u00e9s<\/b><\/span><strong><span style=\"color: #000000;\">,\u00a0depresi\u00f3n, ansiedad, angustia, <\/span><\/strong><\/address>\n<address style=\"text-align: center;\"><strong><span style=\"color: #000000;\">aflicci\u00f3n, dolor de cabeza de origen nervioso, <\/span><\/strong><\/address>\n<address style=\"text-align: center;\"><strong><span style=\"color: #000000;\">preocupaci\u00f3n, irritabilidad (Personas Enojadas), <\/span><\/strong><\/address>\n<address style=\"text-align: center;\"><strong><span style=\"color: #000000;\">insomnio, falta de concentraci\u00f3n, fatiga mental, <\/span><\/strong><\/address>\n<address style=\"text-align: center;\"><strong><span style=\"color: #000000;\">agotamiento nervioso, cansancio f\u00edsico, perdida de memoria,\u00a0<\/span><\/strong><\/address>\n<address style=\"text-align: center;\"><span style=\"color: #000000;\"><b>hormiga miento<\/b><\/span><strong><span style=\"color: #000000;\">\u00a0en el cuerpo, calambres, <\/span><\/strong><\/address>\n<address style=\"text-align: center;\"><strong><span style=\"color: #000000;\">adormecimiento de brazos y piernas, temblor en los p\u00e1rpados o cualquier parte del cuerpo.<\/span><\/strong><\/address>\n","protected":false},"featured_media":5913,"comment_status":"closed","ping_status":"closed","template":"","meta":[],"product_cat":[146,134,147,136,180,149,138],"product_tag":[484,485,486,487,488,489,490,491],"class_list":{"0":"post-4324","1":"product","2":"type-product","3":"status-publish","4":"has-post-thumbnail","6":"product_cat-capsulas-de-gelatina-blanda","7":"product_cat-control-de-estres","8":"product_cat-laboratorios-biokemical","9":"product_cat-multivitaminas","10":"product_cat-reanimante","11":"product_cat-salud-y-belleza","12":"product_cat-vitaminas-neurotropas","13":"product_tag-ultraestres-capsulas","14":"product_tag-ultraestres-capsulas-amazon","15":"product_tag-ultraestres-capsulas-de-gelatina-blanda","16":"product_tag-ultraestres-capsulas-ebay","17":"product_tag-ultraestres-capsulas-el-salvador","18":"product_tag-ultraestres-capsulas-formula","19":"product_tag-ultraestres-capsulas-original","20":"product_tag-ultraestres-capsulas-para-que-sirve","22":"first","23":"instock","24":"purchasable","25":"product-type-simple","26":"col-xs-6 col-sm-4","27":"col-md-3 col-lg-3","28":"un-4-cols"},"_links":{"self":[{"href":"https:\/\/myvitaminss.com\/index.php\/wp-json\/wp\/v2\/product\/4324","targetHints":{"allow":["GET"]}}],"collection":[{"href":"https:\/\/myvitaminss.com\/index.php\/wp-json\/wp\/v2\/product"}],"about":[{"href":"https:\/\/myvitaminss.com\/index.php\/wp-json\/wp\/v2\/types\/product"}],"replies":[{"embeddable":true,"href":"https:\/\/myvitaminss.com\/index.php\/wp-json\/wp\/v2\/comments?post=4324"}],"wp:featuredmedia":[{"embeddable":true,"href":"https:\/\/myvitaminss.com\/index.php\/wp-json\/wp\/v2\/media\/5913"}],"wp:attachment":[{"href":"https:\/\/myvitaminss.com\/index.php\/wp-json\/wp\/v2\/media?parent=4324"}],"wp:term":[{"taxonomy":"product_cat","embeddable":true,"href":"https:\/\/myvitaminss.com\/index.php\/wp-json\/wp\/v2\/product_cat?post=4324"},{"taxonomy":"product_tag","embeddable":true,"href":"https:\/\/myvitaminss.com\/index.php\/wp-json\/wp\/v2\/product_tag?post=4324"}],"curies":[{"name":"wp","href":"https:\/\/api.w.org\/{rel}","templated":true}]}}