{"id":4252,"date":"2021-04-20T21:18:31","date_gmt":"2021-04-21T03:18:31","guid":{"rendered":"https:\/\/myvitaminss.com\/?post_type=product&#038;p=4252"},"modified":"2021-09-01T16:05:41","modified_gmt":"2021-09-01T22:05:41","slug":"dolo-track-80-capsulas","status":"publish","type":"product","link":"https:\/\/myvitaminss.com\/index.php\/producto\/dolo-track-80-capsulas\/","title":{"rendered":"Dolo Track 80 C\u00e1psulas"},"content":{"rendered":"<p>&nbsp;<\/p>\n<address style=\"text-align: center;\"><strong><span style=\"color: #000000;\">20 Sobres de 4 C\u00e1psulas<\/span><\/strong><\/address>\n<address style=\"text-align: center;\"><strong><span style=\"color: #000000;\">CONTRAINDICACIONES: <\/span><\/strong><br \/>\n<strong><span style=\"color: #000000;\">Esta contraindicado en presencia de \u00falcera g\u00e1strica o intestinal, hipersensibilidad conocida a la sustancia activa.<\/span><\/strong><\/address>\n<address style=\"text-align: center;\"><strong><span style=\"color: #000000;\">\u00a0<\/span><\/strong><\/address>\n<address style=\"text-align: center;\"><strong><span style=\"color: #000000;\">VENTA LIBRE<\/span><\/strong><\/address>\n<address style=\"text-align: center;\"><strong><span style=\"color: #000000;\">DOSIS<\/span><\/strong><br \/>\n<strong><span style=\"color: #000000;\">J\u00f3venes y Adultos:<\/span><\/strong><br \/>\n<strong><span style=\"color: #000000;\">1 C\u00e1psula cada 6 &#8211; 8 horas, durante las comidas.<\/span><\/strong><\/address>\n","protected":false},"excerpt":{"rendered":"<address style=\"text-align: center;\"><code>[prisna-google-website-translator]<\/code><\/address>\n<address style=\"text-align: center;\"><span style=\"color: #ff0000;\"><strong>Tort\u00edcolis &#8211; Lumbago &#8211; Artritis &#8211; Reumatitis<\/strong><\/span><\/address>\n<address style=\"text-align: center;\"><strong><span style=\"color: #000000;\">Cuando sus huesitos le hagan Track- Track&#8230;<\/span><\/strong><\/address>\n<address style=\"text-align: center;\"><span style=\"color: #0000ff;\"><strong>Tome Dolo-Track<\/strong><\/span><br \/>\n<span style=\"color: #ff0000;\"><strong>Antiinflamatorio-Antirreumatico-Analg\u00e9sico<\/strong><\/span><\/address>\n<address style=\"text-align: center;\"><strong><span style=\"color: #000000;\">DOLOTRACK: Es un antiinflamatorio que posee actividades analg\u00e9sicas y antipir\u00e9ticas. Est\u00e1 indicado para el tratamiento de enfermedades reum\u00e1ticas agudas, artritis reumatoidea, espondilitis anquilosante, artrosis, lumbagia, gota en fase aguda, inflamaci\u00f3n post-traum\u00e1tica y post-operatoria, c\u00f3lico renal y biliar, migra\u00f1a aguda y como profilaxis para dolor post-operatorio y dismenorrea (dolor de vientre). <\/span><\/strong><\/address>\n<address style=\"text-align: center;\"><strong><span style=\"color: #000000;\">Indicado tambi\u00e9n para el tratamiento de las neuritis y neuralgias.<\/span><\/strong><\/address>\n","protected":false},"featured_media":4281,"comment_status":"closed","ping_status":"closed","template":"","meta":[],"product_cat":[],"product_tag":[],"class_list":{"0":"post-4252","1":"product","2":"type-product","3":"status-publish","4":"has-post-thumbnail","7":"first","8":"outofstock","9":"purchasable","10":"product-type-simple","11":"col-xs-6 col-sm-4","12":"col-md-3 col-lg-3","13":"un-4-cols"},"_links":{"self":[{"href":"https:\/\/myvitaminss.com\/index.php\/wp-json\/wp\/v2\/product\/4252","targetHints":{"allow":["GET"]}}],"collection":[{"href":"https:\/\/myvitaminss.com\/index.php\/wp-json\/wp\/v2\/product"}],"about":[{"href":"https:\/\/myvitaminss.com\/index.php\/wp-json\/wp\/v2\/types\/product"}],"replies":[{"embeddable":true,"href":"https:\/\/myvitaminss.com\/index.php\/wp-json\/wp\/v2\/comments?post=4252"}],"wp:featuredmedia":[{"embeddable":true,"href":"https:\/\/myvitaminss.com\/index.php\/wp-json\/wp\/v2\/media\/4281"}],"wp:attachment":[{"href":"https:\/\/myvitaminss.com\/index.php\/wp-json\/wp\/v2\/media?parent=4252"}],"wp:term":[{"taxonomy":"product_cat","embeddable":true,"href":"https:\/\/myvitaminss.com\/index.php\/wp-json\/wp\/v2\/product_cat?post=4252"},{"taxonomy":"product_tag","embeddable":true,"href":"https:\/\/myvitaminss.com\/index.php\/wp-json\/wp\/v2\/product_tag?post=4252"}],"curies":[{"name":"wp","href":"https:\/\/api.w.org\/{rel}","templated":true}]}}