{"id":4231,"date":"2021-04-20T21:18:18","date_gmt":"2021-04-21T03:18:18","guid":{"rendered":"https:\/\/myvitaminss.com\/?post_type=product&#038;p=4231"},"modified":"2021-04-20T21:18:27","modified_gmt":"2021-04-21T03:18:27","slug":"griin-diet","status":"publish","type":"product","link":"https:\/\/myvitaminss.com\/index.php\/producto\/griin-diet\/","title":{"rendered":"GRIIN DIET"},"content":{"rendered":"<p style=\"text-align: center;\"><img fetchpriority=\"high\" decoding=\"async\" class=\"aligncenter size-full wp-image-405\" src=\"http:\/\/vitaminas.comprarenelsalvador.com\/wp-content\/uploads\/2013\/09\/Destacada.jpg\" alt=\"Vitaminas En El Salvador\" width=\"350\" height=\"350\" \/><\/p>\n<address style=\"text-align: center;\"><span style=\"color: #000000;\"><strong>Contenido: 60 Sobres de 10ml<\/strong><\/span><\/address>\n<address style=\"text-align: center;\">\u00a0<\/address>\n<address style=\"text-align: center;\"><strong><span style=\"color: #008000;\">GRIIN Diet <span style=\"color: #000000;\">contiene<\/span>:<\/span><\/strong><\/address>\n<address style=\"text-align: center;\"><span style=\"color: #000000;\"><strong>Caf\u00e9 Verde Descafe\u00ednado, T\u00e9 Verde y L-Carnitina.<\/strong><\/span><\/address>\n<address style=\"text-align: center;\"><strong><span style=\"color: #ff0000;\">Este prod\u00facto es libre de az\u00facar y puede ser tomado por <span style=\"color: #008000;\">diab\u00e9ticos<\/span>.<\/span><\/strong><\/address>\n<address style=\"text-align: center;\"><strong><span style=\"color: #0000ff;\">Para Mejores resultados, use este producto al menos 2 meses .<\/span><\/strong><\/address>\n<address style=\"text-align: center;\">\u00a0<\/address>\n<address style=\"text-align: center;\"><strong><span style=\"color: #000000;\">Dosis:<\/span><\/strong><strong><span style=\"color: #000000;\">Tomar 1 sobre dos (2) veces al d\u00eda, preferiblemente antes de sus comidas m\u00e1s fuertes.<\/span><\/strong><\/address>\n<address style=\"text-align: center;\">\u00a0<\/address>\n","protected":false},"excerpt":{"rendered":"<address style=\"text-align: center;\"><span style=\"color: #003300;\"><strong>TODOS QUEREMOS VERTE BIEN\u00a0<\/strong><\/span><\/address>\n<p style=\"text-align: center;\"><span style=\"color: #000000;\"><strong><span style=\"color: #008000;\">GRIIN DIET<\/span> es una forma natural para ayudarle a alcanzar sus metas de <span style=\"color: #ff0000;\">reducci\u00f3n de peso<\/span> mientras le provee de energ\u00eda y protecci\u00f3n antioxidante. <\/strong><\/span><br \/>\n<span style=\"color: #000000;\"><strong>Esta excepcional f\u00f3rmula ayuda a <span style=\"color: #ff0000;\">quemar grasa<\/span> y aumenta el metabolismo.<\/strong><\/span><\/p>\n<p style=\"text-align: center;\"><span style=\"color: #000000;\"><strong>Beneficios del Extracto de <span style=\"color: #008000;\">caf\u00e9 verde<\/span> descafeinado:<\/strong><\/span><\/p>\n<p style=\"text-align: center;\"><span style=\"color: #000000;\"><strong>Act\u00faa como un <span style=\"color: #ff0000;\">quemador de grasa<\/span> <\/strong><\/span><br \/>\n<span style=\"color: #000000;\"><strong>Ayuda a reducir el \u00edndice de grasa corporal <\/strong><\/span><br \/>\n<span style=\"color: #000000;\"><strong>Ayuda a <span style=\"color: #ff0000;\">reducir la celulitis<\/span> y a devolver a la piel su firmeza <\/strong><\/span><br \/>\n<span style=\"color: #000000;\"><strong>Ayuda a bloquear la abosorci\u00f3n de los Carbohidratos<\/strong><\/span><\/p>\n<p style=\"text-align: center;\"><span style=\"color: #000000;\"><strong>El Extracto de <span style=\"color: #008000;\">T\u00e9 Verde<\/span> desempe\u00f1a un papel importante en el control de peso ayudando a <span style=\"color: #ff0000;\">reducir la grasa<\/span> corporal activando el metabolismo.<\/strong><\/span><\/p>\n<p style=\"text-align: center;\"><span style=\"color: #000000;\"><strong>L-Carnitina es un amino\u00e1cido que <span style=\"color: #0000ff;\">ayuda a transformar la grasa en energ\u00eda<\/span>.<\/strong><\/span><\/p>\n<p style=\"text-align: center;\"><span style=\"color: #000000;\"><strong>Utilice este producto como parte de una dieta reducida en calor\u00edas y un programa de ejercicio diario, con una gu\u00eda adjunta para que planif\u00edque su alimentaci\u00f3n.<\/strong><\/span><\/p>\n<p style=\"text-align: center;\"><a title=\"Plan de Alimentacion con Griin Diet\" href=\"http:\/\/vitaminas.comprarenelsalvador.com\/wp-content\/uploads\/2013\/09\/plan-de-dieta-para-adelgazar-con-griin-diet1.pdf\" target=\"_blank\" rel=\"noopener\"><span style=\"color: #ff0000;\"><strong>GUIA GRATIS DESCARGALA AQUI<\/strong><\/span><\/a><\/p>\n","protected":false},"featured_media":0,"comment_status":"closed","ping_status":"closed","template":"","meta":[],"product_cat":[],"product_tag":[],"class_list":{"0":"post-4231","1":"product","2":"type-product","3":"status-publish","6":"first","7":"outofstock","8":"shipping-taxable","9":"purchasable","10":"product-type-simple","11":"col-xs-6 col-sm-4","12":"col-md-3 col-lg-3","13":"un-4-cols"},"_links":{"self":[{"href":"https:\/\/myvitaminss.com\/index.php\/wp-json\/wp\/v2\/product\/4231","targetHints":{"allow":["GET"]}}],"collection":[{"href":"https:\/\/myvitaminss.com\/index.php\/wp-json\/wp\/v2\/product"}],"about":[{"href":"https:\/\/myvitaminss.com\/index.php\/wp-json\/wp\/v2\/types\/product"}],"replies":[{"embeddable":true,"href":"https:\/\/myvitaminss.com\/index.php\/wp-json\/wp\/v2\/comments?post=4231"}],"wp:attachment":[{"href":"https:\/\/myvitaminss.com\/index.php\/wp-json\/wp\/v2\/media?parent=4231"}],"wp:term":[{"taxonomy":"product_cat","embeddable":true,"href":"https:\/\/myvitaminss.com\/index.php\/wp-json\/wp\/v2\/product_cat?post=4231"},{"taxonomy":"product_tag","embeddable":true,"href":"https:\/\/myvitaminss.com\/index.php\/wp-json\/wp\/v2\/product_tag?post=4231"}],"curies":[{"name":"wp","href":"https:\/\/api.w.org\/{rel}","templated":true}]}}