{"id":4189,"date":"2021-04-20T21:17:55","date_gmt":"2021-04-21T03:17:55","guid":{"rendered":"https:\/\/myvitaminss.com\/?post_type=product&#038;p=4189"},"modified":"2022-02-20T23:31:34","modified_gmt":"2022-02-21T05:31:34","slug":"acetaminofen-mk-duo-pack","status":"publish","type":"product","link":"https:\/\/myvitaminss.com\/index.php\/producto\/acetaminofen-mk-duo-pack\/","title":{"rendered":"Acetaminofen MK DUO PACK"},"content":{"rendered":"<p>&nbsp;<\/p>\n<address style=\"text-align: center;\"><span style=\"color: #3366ff;\"><em><strong>Dispensador de 100 Tabletas<\/strong><\/em><\/span><\/address>\n<address style=\"text-align: center;\"><span style=\"color: #3366ff;\"><em><strong>Contraindicaciones:<\/strong><\/em><\/span><\/address>\n<address>\u00a0<\/address>\n<address style=\"text-align: center;\"><span style=\"color: #000000;\">El acetaminof\u00e9n est\u00e1 contraindicado en pacientes con hipersensibilidad conocida a este f\u00e1rmaco.<\/span><\/address>\n<address style=\"text-align: center;\"><span style=\"color: #000000;\">No se recomienda este compuesto en pacientes con <\/span><\/address>\n<address style=\"text-align: center;\"><span style=\"color: #000000;\">afectaci\u00f3n importante de la funci\u00f3n hep\u00e1tica y renal.\u00a0<\/span><\/address>\n","protected":false},"excerpt":{"rendered":"<address style=\"text-align: center;\"><strong><span style=\"color: #0000ff;\">Precio Duo Pack (2 Cajas de 100 Tabletas cada uno)<\/span><\/strong><\/address>\n<address>\u00a0<\/address>\n<address style=\"text-align: center;\"><span style=\"color: #000000;\">Acetaminof\u00e9n <\/span><\/address>\n<address style=\"text-align: center;\"><span style=\"color: #000000;\">Es \u00fatil para reducir la fiebre y algias menores<\/span><\/address>\n<address>\u00a0<\/address>\n<address style=\"text-align: center;\"><em><strong><span style=\"color: #3366ff;\">Dolores y malestares asociados con:<\/span><\/strong><\/em><\/address>\n<address>\u00a0<\/address>\n<address style=\"text-align: center;\"><span style=\"color: #000000;\">Fiebre, cefalea, neuralgias, dolores musculares y articulares, <\/span><\/address>\n<address style=\"text-align: center;\"><span style=\"color: #000000;\">otalgias, s\u00edntomas del resfriado com\u00fan o afecciones similares; <\/span><\/address>\n<address style=\"text-align: center;\"><span style=\"color: #000000;\">fiebre postvacunal, postamigdalectom\u00eda, odontalgias y\u00a0postcirug\u00eda <\/span><\/address>\n<address style=\"text-align: center;\"><span style=\"color: #000000;\">como en la postextracci\u00f3n y otros procesos invasivos <\/span><\/address>\n<address style=\"text-align: center;\"><span style=\"color: #000000;\">del \u00e1rea estomatol\u00f3gica.<\/span><\/address>\n<address style=\"text-align: center;\"><span style=\"color: #000000;\">Cuando el acetaminof\u00e9n se suministra a mujeres embarazadas o <\/span><\/address>\n<address style=\"text-align: center;\"><span style=\"color: #000000;\">lactando, no se producen efectos adversos sobre la madre, <\/span><\/address>\n<address style=\"text-align: center;\"><span style=\"color: #000000;\">el desarrollo fetal ni sobre el lactante.\u00a0<\/span><\/address>\n","protected":false},"featured_media":5554,"comment_status":"closed","ping_status":"closed","template":"","meta":[],"product_cat":[279,280,281,282],"product_tag":[283,284,285,286,287,288,289,290,291,292,293],"class_list":{"0":"post-4189","1":"product","2":"type-product","3":"status-publish","4":"has-post-thumbnail","6":"product_cat-medicina","7":"product_cat-mk","8":"product_cat-para-el-dolor-y-fiebre","9":"product_cat-tabletas","10":"product_tag-acetaminofen","11":"product_tag-acetaminofen-mk","12":"product_tag-acetaminofen-mk-original-amazon","13":"product_tag-cefalea","14":"product_tag-dolores-musculares-y-articulares","15":"product_tag-fiebre","16":"product_tag-neuralgias","17":"product_tag-odontalgias-y-postcirugia","18":"product_tag-otalgias","19":"product_tag-postamigdalectomia","20":"product_tag-sintomas-del-resfriado-comun-o-afecciones-similares-fiebre-postvacunal","22":"first","23":"instock","24":"shipping-taxable","25":"purchasable","26":"product-type-simple","27":"col-xs-6 col-sm-4","28":"col-md-3 col-lg-3","29":"un-4-cols"},"_links":{"self":[{"href":"https:\/\/myvitaminss.com\/index.php\/wp-json\/wp\/v2\/product\/4189","targetHints":{"allow":["GET"]}}],"collection":[{"href":"https:\/\/myvitaminss.com\/index.php\/wp-json\/wp\/v2\/product"}],"about":[{"href":"https:\/\/myvitaminss.com\/index.php\/wp-json\/wp\/v2\/types\/product"}],"replies":[{"embeddable":true,"href":"https:\/\/myvitaminss.com\/index.php\/wp-json\/wp\/v2\/comments?post=4189"}],"wp:featuredmedia":[{"embeddable":true,"href":"https:\/\/myvitaminss.com\/index.php\/wp-json\/wp\/v2\/media\/5554"}],"wp:attachment":[{"href":"https:\/\/myvitaminss.com\/index.php\/wp-json\/wp\/v2\/media?parent=4189"}],"wp:term":[{"taxonomy":"product_cat","embeddable":true,"href":"https:\/\/myvitaminss.com\/index.php\/wp-json\/wp\/v2\/product_cat?post=4189"},{"taxonomy":"product_tag","embeddable":true,"href":"https:\/\/myvitaminss.com\/index.php\/wp-json\/wp\/v2\/product_tag?post=4189"}],"curies":[{"name":"wp","href":"https:\/\/api.w.org\/{rel}","templated":true}]}}