{"id":4168,"date":"2021-04-20T21:17:53","date_gmt":"2021-04-21T03:17:53","guid":{"rendered":"https:\/\/myvitaminss.com\/?post_type=product&#038;p=4168"},"modified":"2022-07-21T15:34:33","modified_gmt":"2022-07-21T21:34:33","slug":"vive-la-vida-con-neuro-campolon-energy-duo-pack","status":"publish","type":"product","link":"https:\/\/myvitaminss.com\/index.php\/producto\/vive-la-vida-con-neuro-campolon-energy-duo-pack\/","title":{"rendered":"Vive la vida con NEURO CAMPOLON ENERGY DUO PACK"},"content":{"rendered":"<p>&nbsp;<\/p>\n<h3 style=\"text-align: center;\"><span style=\"color: #3366ff;\"><strong><em>\u00a0Presentaci\u00f3n de 12 Sobres de 10ml cada sobre.<\/em><\/strong><\/span><\/h3>\n<h1 style=\"text-align: center;\"><em><strong><span style=\"color: #3366ff;\">Siente la ENERG\u00cdA en minutos!!!\u00a0<\/span><\/strong><\/em><\/h1>\n<p style=\"text-align: center;\"><em><span style=\"color: #000000;\"><strong>GINSENG ASI\u00c1TICO<\/strong><\/span><\/em><br \/>\n<span style=\"color: #800000;\"><strong><span style=\"color: #3366ff;\"><em>Energ\u00eda F\u00edsica:<\/em><\/span> <span style=\"color: #000000;\">Aumenta La Resistencia Y El Desempe\u00f1o<\/span><\/strong><\/span><\/p>\n<p style=\"text-align: center;\"><em><span style=\"color: #000000;\"><strong>GINSENG AMERICANO<\/strong><\/span><\/em><br \/>\n<span style=\"color: #800000;\"><strong><span style=\"color: #3366ff;\"><em>Energ\u00eda Mental:<\/em><\/span> <span style=\"color: #000000;\">Aumenta La Concentraci\u00f3n Y Reduce El\u00a0<\/span><\/strong><\/span><span style=\"color: #000000;\"><span style=\"color: #800000;\"><b>Estr\u00e9s<\/b><\/span><\/span><\/p>\n<p style=\"text-align: center;\"><em><span style=\"color: #000000;\"><strong>ELEUTERO<\/strong><\/span><\/em><br \/>\n<span style=\"color: #800000;\"><strong><em><span style=\"color: #3366ff;\">Bienestar General:<\/span><\/em> <span style=\"color: #000000;\">Promueve La Vitalidad F\u00edsica Y Mental<\/span><\/strong><\/span><\/p>\n","protected":false},"excerpt":{"rendered":"<h3 style=\"text-align: center;\"><span style=\"color: #3366ff;\"><em><span style=\"color: #3366ff;\">Precio <span style=\"font-size: 18.72px;\">D\u00fao<\/span> Pack (Dos Cajitas )<\/span><\/em><\/span><\/h3>\n<p>&nbsp;<\/p>\n<p style=\"text-align: center;\"><span style=\"color: #000000;\"><strong>Este producto te brindar\u00e1 la energ\u00eda necesaria para tus d\u00edas mas agotadores; <\/strong><\/span><br \/>\n<span style=\"color: #000000;\"><strong>Su fuente de complejo B y el contenido de sus tres tipos de ginseng ( americano, asi\u00e1tico, eleutero ) y cafe\u00edna, hacen mas f\u00e1cil el cumplimiento de cualquier de actividad en tu vida.<\/strong><\/span><\/p>\n<p style=\"text-align: center;\"><span style=\"color: #000000;\"><strong><span style=\"color: #3366ff;\"><em>Dosis:<\/em> <\/span>Un (1) sobre por d\u00eda.<\/strong><\/span><br \/>\n<code><\/code><\/p>\n","protected":false},"featured_media":5992,"comment_status":"closed","ping_status":"closed","template":"","meta":{"_kad_post_transparent":"","_kad_post_title":"","_kad_post_layout":"","_kad_post_sidebar_id":"","_kad_post_content_style":"","_kad_post_vertical_padding":"","_kad_post_feature":"","_kad_post_feature_position":"","_kad_post_header":false,"_kad_post_footer":false,"_kad_post_classname":""},"product_brand":[],"product_cat":[133,135,137,138,139],"product_tag":[199,200,201,202,203,204,205],"class_list":{"0":"post-4168","1":"product","2":"type-product","3":"status-publish","4":"has-post-thumbnail","6":"product_cat-ampolletas-bebibles","7":"product_cat-laboratorios-vijosa","8":"product_cat-vitaminas-bebibles","9":"product_cat-vitaminas-neurotropas","10":"product_cat-vitaminas-y-suplementos","11":"product_tag-controle-el-estres","12":"product_tag-controle-los-nervios","13":"product_tag-dolor-de-cabeza","14":"product_tag-dolor-de-cabeza-nervioso","15":"product_tag-exceso-de-alcohol","16":"product_tag-mejora-el-rendimiento-cerebral","17":"product_tag-neuro-campolon-energy-bebible","19":"first","20":"instock","21":"purchasable","22":"product-type-simple","23":"entry","24":"content-bg","25":"loop-entry"},"_links":{"self":[{"href":"https:\/\/myvitaminss.com\/index.php\/wp-json\/wp\/v2\/product\/4168","targetHints":{"allow":["GET"]}}],"collection":[{"href":"https:\/\/myvitaminss.com\/index.php\/wp-json\/wp\/v2\/product"}],"about":[{"href":"https:\/\/myvitaminss.com\/index.php\/wp-json\/wp\/v2\/types\/product"}],"replies":[{"embeddable":true,"href":"https:\/\/myvitaminss.com\/index.php\/wp-json\/wp\/v2\/comments?post=4168"}],"wp:featuredmedia":[{"embeddable":true,"href":"https:\/\/myvitaminss.com\/index.php\/wp-json\/wp\/v2\/media\/5992"}],"wp:attachment":[{"href":"https:\/\/myvitaminss.com\/index.php\/wp-json\/wp\/v2\/media?parent=4168"}],"wp:term":[{"taxonomy":"product_brand","embeddable":true,"href":"https:\/\/myvitaminss.com\/index.php\/wp-json\/wp\/v2\/product_brand?post=4168"},{"taxonomy":"product_cat","embeddable":true,"href":"https:\/\/myvitaminss.com\/index.php\/wp-json\/wp\/v2\/product_cat?post=4168"},{"taxonomy":"product_tag","embeddable":true,"href":"https:\/\/myvitaminss.com\/index.php\/wp-json\/wp\/v2\/product_tag?post=4168"}],"curies":[{"name":"wp","href":"https:\/\/api.w.org\/{rel}","templated":true}]}}